Last updated on 2025-05-22 05:50:55 CEST.
Flavor | Version | Tinstall | Tcheck | Ttotal | Status | Flags |
---|---|---|---|---|---|---|
r-devel-linux-x86_64-debian-clang | 1.2 | 10.99 | 85.81 | 96.80 | OK | |
r-devel-linux-x86_64-debian-gcc | 1.2 | 8.12 | 62.60 | 70.72 | OK | |
r-devel-linux-x86_64-fedora-clang | 1.2 | 151.19 | ERROR | |||
r-devel-linux-x86_64-fedora-gcc | 1.2 | 149.36 | OK | |||
r-devel-windows-x86_64 | 1.2 | 12.00 | 114.00 | 126.00 | OK | |
r-patched-linux-x86_64 | 1.2 | 11.33 | 82.12 | 93.45 | OK | |
r-release-linux-x86_64 | 1.2 | 11.04 | 82.17 | 93.21 | OK | |
r-release-macos-arm64 | 1.2 | 47.00 | OK | |||
r-release-macos-x86_64 | 1.2 | 82.00 | OK | |||
r-release-windows-x86_64 | 1.2 | 12.00 | 99.00 | 111.00 | OK | |
r-oldrel-macos-arm64 | 1.2 | 43.00 | OK | |||
r-oldrel-macos-x86_64 | 1.2 | 63.00 | OK | |||
r-oldrel-windows-x86_64 | 1.2 | 16.00 | 118.00 | 134.00 | OK |
Version: 1.2
Check: PDF version of manual
Result: WARN
LaTeX errors when creating PDF version.
This typically indicates Rd problems.
Flavor: r-devel-linux-x86_64-fedora-clang
Version: 1.2
Check: PDF version of manual without index
Result: ERROR
Re-running with no redirection of stdout/stderr.
Flavor: r-devel-linux-x86_64-fedora-clang
Version: 1.2
Check: for non-standard things in the check directory
Result: NOTE
Found the following files/directories:
‘adaptsmoFMRI-manual.tex’
Flavor: r-devel-linux-x86_64-fedora-clang