Last updated on 2025-05-22 05:50:55 CEST.
Flavor | Version | Tinstall | Tcheck | Ttotal | Status | Flags |
---|---|---|---|---|---|---|
r-devel-linux-x86_64-debian-clang | 1.5 | 6.72 | 50.83 | 57.55 | NOTE | |
r-devel-linux-x86_64-debian-gcc | 1.5 | 4.97 | 39.32 | 44.29 | NOTE | |
r-devel-linux-x86_64-fedora-clang | 1.5 | 87.40 | OK | |||
r-devel-linux-x86_64-fedora-gcc | 1.5 | 89.21 | OK | |||
r-devel-windows-x86_64 | 1.5 | 7.00 | 79.00 | 86.00 | OK | |
r-patched-linux-x86_64 | 1.5 | 6.17 | 49.54 | 55.71 | OK | |
r-release-linux-x86_64 | 1.5 | 6.27 | 48.87 | 55.14 | OK | |
r-release-macos-arm64 | 1.5 | 47.00 | OK | |||
r-release-macos-x86_64 | 1.5 | 56.00 | OK | |||
r-release-windows-x86_64 | 1.5 | 7.00 | 100.00 | 107.00 | OK | |
r-oldrel-macos-arm64 | 1.5 | 30.00 | OK | |||
r-oldrel-macos-x86_64 | 1.5 | 71.00 | OK | |||
r-oldrel-windows-x86_64 | 1.5 | 8.00 | 75.00 | 83.00 | OK |
Version: 1.5
Check: CRAN incoming feasibility
Result: NOTE
Maintainer: ‘Andreas Scheidegger <andreas.scheidegger@eawag.ch>’
No Authors@R field in DESCRIPTION.
Please add one, modifying
Authors@R: c(person(given = "Andreas",
family = "Scheidegger",
role = c("aut", "cre"),
email = "andreas.scheidegger@eawag.ch"),
person(role = "aut",
email = "andreas.scheidegger@eawag.ch"),
person(role = "aut",
email = "scheidegger.a@gmail.com"))
as necessary.
Flavors: r-devel-linux-x86_64-debian-clang, r-devel-linux-x86_64-debian-gcc