Last updated on 2025-05-22 05:50:55 CEST.
Flavor | Version | Tinstall | Tcheck | Ttotal | Status | Flags |
---|---|---|---|---|---|---|
r-devel-linux-x86_64-debian-clang | 0.2-5 | 1.84 | 48.45 | 50.29 | NOTE | |
r-devel-linux-x86_64-debian-gcc | 0.2-5 | 1.68 | 26.24 | 27.92 | NOTE | |
r-devel-linux-x86_64-fedora-clang | 0.3-2 | 85.02 | ERROR | |||
r-devel-linux-x86_64-fedora-gcc | 0.3-2 | 107.23 | OK | |||
r-devel-windows-x86_64 | 0.3-2 | 8.00 | 116.00 | 124.00 | OK | |
r-patched-linux-x86_64 | 0.2-5 | 2.18 | 32.52 | 34.70 | NOTE | |
r-release-linux-x86_64 | 0.2-5 | 2.22 | 48.18 | 50.40 | OK | |
r-release-macos-arm64 | 0.3-2 | 51.00 | OK | |||
r-release-macos-x86_64 | 0.3-2 | 50.00 | OK | |||
r-release-windows-x86_64 | 0.2-5 | 4.00 | 58.00 | 62.00 | NOTE | |
r-oldrel-macos-arm64 | 0.3-2 | 43.00 | OK | |||
r-oldrel-macos-x86_64 | 0.3-2 | 45.00 | OK | |||
r-oldrel-windows-x86_64 | 0.2-5 | 4.00 | 86.00 | 90.00 | OK |
Version: 0.2-5
Check: CRAN incoming feasibility
Result: NOTE
Maintainer: ‘Henrik Singmann <singmann+acss@gmail.com>’
Package CITATION file contains call(s) to old-style personList() or
as.personList(). Please use c() on person objects instead.
Package CITATION file contains call(s) to old-style citEntry(). Please
use bibentry() instead.
Flavors: r-devel-linux-x86_64-debian-clang, r-devel-linux-x86_64-debian-gcc
Version: 0.2-5
Check: R code for possible problems
Result: NOTE
acss: no visible binding for global variable ‘acss_data’
likelihood_d: no visible binding for global variable ‘acss_data’
likelihood_d : <anonymous>: no visible binding for global variable
‘acss_data’
Undefined global functions or variables:
acss_data
Flavors: r-devel-linux-x86_64-debian-gcc, r-patched-linux-x86_64, r-release-windows-x86_64
Version: 0.3-2
Check: re-building of vignette outputs
Result: ERROR
Error(s) in re-building vignettes:
--- re-building ‘acss_introduction.Rnw’ using knitr
Error: processing vignette 'acss_introduction.Rnw' failed with diagnostics:
Running 'texi2dvi' on 'acss_introduction.tex' failed.
Messages:
/usr/bin/texi2dvi: Your TeX installation appears to be broken - texi2dvi
cannot determine auxiliary files output from a TeX run.
You may need to install TeX, or change the values of your PATH, TEX
or PDFTEX environment variables in order to proceed.
--- failed re-building ‘acss_introduction.Rnw’
SUMMARY: processing the following file failed:
‘acss_introduction.Rnw’
Error: Vignette re-building failed.
Execution halted
Flavor: r-devel-linux-x86_64-fedora-clang
Version: 0.3-2
Check: PDF version of manual
Result: WARN
LaTeX errors when creating PDF version.
This typically indicates Rd problems.
Flavor: r-devel-linux-x86_64-fedora-clang
Version: 0.3-2
Check: PDF version of manual without index
Result: ERROR
Re-running with no redirection of stdout/stderr.
Flavor: r-devel-linux-x86_64-fedora-clang
Version: 0.3-2
Check: for non-standard things in the check directory
Result: NOTE
Found the following files/directories:
‘acss-manual.tex’
Flavor: r-devel-linux-x86_64-fedora-clang