Last updated on 2025-05-23 05:52:21 CEST.
Flavor | Version | Tinstall | Tcheck | Ttotal | Status | Flags |
---|---|---|---|---|---|---|
r-devel-linux-x86_64-debian-clang | 0.6.0 | 2.39 | 30.70 | 33.09 | OK | |
r-devel-linux-x86_64-debian-gcc | 0.6.0 | 1.97 | 24.30 | 26.27 | OK | |
r-devel-linux-x86_64-fedora-clang | 0.6.0 | 51.48 | OK | |||
r-devel-linux-x86_64-fedora-gcc | 0.6.0 | 66.70 | OK | |||
r-devel-windows-x86_64 | 0.6.0 | 4.00 | 97.00 | 101.00 | OK | |
r-patched-linux-x86_64 | 0.6.0 | 2.67 | 28.49 | 31.16 | OK | |
r-release-linux-x86_64 | 0.6.0 | 2.82 | 28.69 | 31.51 | OK | |
r-release-macos-arm64 | 0.6.0 | 33.00 | OK | |||
r-release-macos-x86_64 | 0.6.0 | 50.00 | OK | |||
r-release-windows-x86_64 | 0.6.0 | 4.00 | 85.00 | 89.00 | OK | |
r-oldrel-macos-arm64 | 0.6.0 | 25.00 | NOTE | |||
r-oldrel-macos-x86_64 | 0.6.0 | 41.00 | NOTE | |||
r-oldrel-windows-x86_64 | 0.6.0 | 5.00 | 56.00 | 61.00 | NOTE |
Version: 0.6.0
Check: LazyData
Result: NOTE
'LazyData' is specified without a 'data' directory
Flavors: r-oldrel-macos-arm64, r-oldrel-macos-x86_64, r-oldrel-windows-x86_64