Last updated on 2025-05-22 05:51:20 CEST.
Flavor | Version | Tinstall | Tcheck | Ttotal | Status | Flags |
---|---|---|---|---|---|---|
r-devel-linux-x86_64-debian-clang | 1.1 | 37.03 | 47.53 | 84.56 | NOTE | |
r-devel-linux-x86_64-debian-gcc | 1.1 | 29.83 | 34.99 | 64.82 | NOTE | |
r-devel-linux-x86_64-fedora-clang | 1.1 | 131.54 | OK | |||
r-devel-linux-x86_64-fedora-gcc | 1.1 | 135.00 | OK | |||
r-devel-windows-x86_64 | 1.1 | 37.00 | 98.00 | 135.00 | OK | |
r-patched-linux-x86_64 | 1.1 | 39.11 | 46.12 | 85.23 | NOTE | |
r-release-linux-x86_64 | 1.1 | 36.70 | 46.17 | 82.87 | NOTE | |
r-release-macos-arm64 | 1.1 | 49.00 | OK | |||
r-release-macos-x86_64 | 1.1 | 84.00 | OK | |||
r-release-windows-x86_64 | 1.1 | 35.00 | 130.00 | 165.00 | OK | |
r-oldrel-macos-arm64 | 1.1 | 46.00 | OK | |||
r-oldrel-macos-x86_64 | 1.1 | 69.00 | OK | |||
r-oldrel-windows-x86_64 | 1.1 | 41.00 | 85.00 | 126.00 | OK |
Version: 1.1
Check: CRAN incoming feasibility
Result: NOTE
Maintainer: ‘Francois Brun <francois.brun@acta.asso.fr>’
No Authors@R field in DESCRIPTION.
Please add one, modifying
Authors@R: c(person(given = "Francois",
family = "Brun",
role = c("aut", "cre"),
email = "francois.brun@acta.asso.fr",
comment = "ACTA"),
person(given = "David",
family = "Makowski",
role = "aut",
comment = "INRA"),
person(given = "Daniel",
family = "Wallach",
role = "aut",
comment = "INRA"),
person(given = c("James", "W."),
family = "Jones.",
role = "aut",
comment = "U.of Florida"))
as necessary.
Flavors: r-devel-linux-x86_64-debian-clang, r-devel-linux-x86_64-debian-gcc
Version: 1.1
Check: for unstated dependencies in ‘demo’
Result: NOTE
'library' or 'require' calls not declared from:
‘coda’ ‘dlm’ ‘maps’ ‘mgcv’ ‘mnormt’ ‘mvtnorm’ ‘randomForest’ ‘rpart’
‘rpart.plot’ ‘sensitivity’ ‘sp’ ‘spatial’ ‘tseries’
Flavors: r-devel-linux-x86_64-debian-clang, r-devel-linux-x86_64-debian-gcc, r-patched-linux-x86_64, r-release-linux-x86_64