Last updated on 2025-05-22 05:51:19 CEST.
Flavor | Version | Tinstall | Tcheck | Ttotal | Status | Flags |
---|---|---|---|---|---|---|
r-devel-linux-x86_64-debian-clang | 0.1.8 | 6.95 | 62.81 | 69.76 | NOTE | |
r-devel-linux-x86_64-debian-gcc | 0.1.8 | 5.01 | 45.98 | 50.99 | NOTE | |
r-devel-linux-x86_64-fedora-clang | 0.1.8 | 108.39 | NOTE | |||
r-devel-linux-x86_64-fedora-gcc | 0.1.8 | 116.64 | NOTE | |||
r-devel-windows-x86_64 | 0.1.8 | 8.00 | 74.00 | 82.00 | NOTE | |
r-patched-linux-x86_64 | 0.1.8 | 6.41 | 56.43 | 62.84 | NOTE | |
r-release-linux-x86_64 | 0.1.8 | 5.92 | 57.33 | 63.25 | NOTE | |
r-release-macos-arm64 | 0.1.8 | 38.00 | NOTE | |||
r-release-macos-x86_64 | 0.1.8 | 79.00 | NOTE | |||
r-release-windows-x86_64 | 0.1.8 | 8.00 | 131.00 | 139.00 | NOTE | |
r-oldrel-macos-arm64 | 0.1.8 | 38.00 | OK | |||
r-oldrel-macos-x86_64 | 0.1.8 | 53.00 | OK | |||
r-oldrel-windows-x86_64 | 0.1.8 | 10.00 | 88.00 | 98.00 | OK |
Version: 0.1.8
Check: CRAN incoming feasibility
Result: NOTE
Maintainer: ‘Jens von Bergmann <jens@mountainmath.ca>’
No Authors@R field in DESCRIPTION.
Please add one, modifying
Authors@R: person(given = "Jens",
family = "von Bergmann",
role = c("aut", "cre"),
email = "jens@mountainmath.ca")
as necessary.
Flavors: r-devel-linux-x86_64-debian-clang, r-devel-linux-x86_64-debian-gcc
Version: 0.1.8
Check: DESCRIPTION meta-information
Result: NOTE
Missing dependency on R >= 4.1.0 because package code uses the pipe
|> or function shorthand \(...) syntax added in R 4.1.0.
File(s) using such syntax:
‘datasets.R’
Flavors: r-devel-linux-x86_64-debian-clang, r-devel-linux-x86_64-debian-gcc, r-devel-linux-x86_64-fedora-clang, r-devel-linux-x86_64-fedora-gcc, r-devel-windows-x86_64, r-patched-linux-x86_64, r-release-linux-x86_64, r-release-macos-arm64, r-release-macos-x86_64, r-release-windows-x86_64