CRAN Package Check Results for Package VIM

Last updated on 2025-05-22 05:51:19 CEST.

Flavor Version Tinstall Tcheck Ttotal Status Flags
r-devel-linux-x86_64-debian-clang 6.2.2 25.26 184.73 209.99 NOTE
r-devel-linux-x86_64-debian-gcc 6.2.2 19.33 130.51 149.84 NOTE
r-devel-linux-x86_64-fedora-clang 6.2.2 336.53 NOTE
r-devel-linux-x86_64-fedora-gcc 6.2.2 339.60 NOTE
r-devel-windows-x86_64 6.2.2 32.00 224.00 256.00 NOTE
r-patched-linux-x86_64 6.2.2 27.96 177.55 205.51 NOTE
r-release-linux-x86_64 6.2.2 27.70 175.50 203.20 NOTE
r-release-macos-arm64 6.2.2 101.00 OK
r-release-macos-x86_64 6.2.2 183.00 OK
r-release-windows-x86_64 6.2.2 35.00 248.00 283.00 NOTE
r-oldrel-macos-arm64 6.2.2 92.00 NOTE
r-oldrel-macos-x86_64 6.2.2 135.00 NOTE
r-oldrel-windows-x86_64 6.2.2 41.00 259.00 300.00 NOTE

Check Details

Version: 6.2.2
Check: Rd cross-references
Result: NOTE Found the following Rd file(s) with Rd \link{} targets missing package anchors: regressionImp.Rd: lmrob, glmrob Please provide package anchors for all Rd \link{} targets not in the package itself and the base packages. Flavors: r-devel-linux-x86_64-debian-clang, r-devel-linux-x86_64-debian-gcc, r-devel-windows-x86_64, r-patched-linux-x86_64, r-release-linux-x86_64, r-release-windows-x86_64

Version: 6.2.2
Check: dependencies in R code
Result: NOTE Namespace in Imports field not imported from: ‘magrittr’ All declared Imports should be used. Flavors: r-devel-linux-x86_64-fedora-clang, r-devel-linux-x86_64-fedora-gcc

Version: 6.2.2
Check: installed package size
Result: NOTE installed size is 5.2Mb sub-directories of 1Mb or more: doc 2.7Mb libs 1.0Mb Flavors: r-oldrel-macos-arm64, r-oldrel-macos-x86_64, r-oldrel-windows-x86_64