Last updated on 2025-05-22 05:51:19 CEST.
Flavor | Version | Tinstall | Tcheck | Ttotal | Status | Flags |
---|---|---|---|---|---|---|
r-devel-linux-x86_64-debian-clang | 1.1 | 6.53 | 71.26 | 77.79 | NOTE | |
r-devel-linux-x86_64-debian-gcc | 1.1 | 4.89 | 52.13 | 57.02 | NOTE | |
r-devel-linux-x86_64-fedora-clang | 1.1 | 125.21 | OK | |||
r-devel-linux-x86_64-fedora-gcc | 1.1 | 120.22 | OK | |||
r-devel-windows-x86_64 | 1.1 | 8.00 | 97.00 | 105.00 | OK | |
r-patched-linux-x86_64 | 1.1 | 7.16 | 68.07 | 75.23 | OK | |
r-release-linux-x86_64 | 1.1 | 6.63 | 68.53 | 75.16 | OK | |
r-release-macos-arm64 | 1.1 | 44.00 | OK | |||
r-release-macos-x86_64 | 1.1 | 79.00 | OK | |||
r-release-windows-x86_64 | 1.1 | 8.00 | 111.00 | 119.00 | OK | |
r-oldrel-macos-arm64 | 1.1 | 39.00 | OK | |||
r-oldrel-macos-x86_64 | 1.1 | 54.00 | OK | |||
r-oldrel-windows-x86_64 | 1.1 | 11.00 | 99.00 | 110.00 | OK |
Version: 1.1
Check: CRAN incoming feasibility
Result: NOTE
Maintainer: ‘Antonio Meneses <antoniomenesesfreire@hotmail.com>’
No Authors@R field in DESCRIPTION.
Please add one, modifying
Authors@R: c(person(given = "Antonio",
family = "Meneses",
role = c("aut", "cre"),
email = "antoniomenesesfreire@hotmail.com"),
person(given = "Salvador",
family = "Naya",
role = "aut",
email = "salva@udc.es"),
person(given = "Javier",
family = "Tarrio-Saavedra",
role = "aut",
email = "jtarrio@udc.es"))
as necessary.
Flavors: r-devel-linux-x86_64-debian-clang, r-devel-linux-x86_64-debian-gcc