Last updated on 2025-05-22 05:51:16 CEST.
Flavor | Version | Tinstall | Tcheck | Ttotal | Status | Flags |
---|---|---|---|---|---|---|
r-devel-linux-x86_64-debian-clang | 1.0.5 | 59.61 | 66.38 | 125.99 | NOTE | |
r-devel-linux-x86_64-debian-gcc | 1.0.5 | 44.40 | 48.78 | 93.18 | NOTE | |
r-devel-linux-x86_64-fedora-clang | 1.0.5 | 224.01 | OK | |||
r-devel-linux-x86_64-fedora-gcc | 1.0.5 | 230.92 | OK | |||
r-devel-windows-x86_64 | 1.0.5 | 73.00 | 123.00 | 196.00 | OK | |
r-patched-linux-x86_64 | 1.0.5 | 62.14 | 62.93 | 125.07 | OK | |
r-release-linux-x86_64 | 1.0.5 | 60.29 | 62.91 | 123.20 | OK | |
r-release-macos-arm64 | 1.0.5 | 58.00 | OK | |||
r-release-macos-x86_64 | 1.0.5 | 86.00 | OK | |||
r-release-windows-x86_64 | 1.0.5 | 72.00 | 143.00 | 215.00 | OK | |
r-oldrel-macos-arm64 | 1.0.5 | 54.00 | OK | |||
r-oldrel-macos-x86_64 | 1.0.5 | 70.00 | OK | |||
r-oldrel-windows-x86_64 | 1.0.5 | 84.00 | 122.00 | 206.00 | OK |
Version: 1.0.5
Check: CRAN incoming feasibility
Result: NOTE
Maintainer: ‘Joshua French <joshua.french@ucdenver.edu>’
No Authors@R field in DESCRIPTION.
Please add one, modifying
Authors@R: person(given = "Joshua",
family = "French",
role = c("aut", "cre"),
email = "joshua.french@ucdenver.edu")
as necessary.
Flavors: r-devel-linux-x86_64-debian-clang, r-devel-linux-x86_64-debian-gcc