Last updated on 2025-05-22 05:51:16 CEST.
Flavor | Version | Tinstall | Tcheck | Ttotal | Status | Flags |
---|---|---|---|---|---|---|
r-devel-linux-x86_64-debian-clang | 0.1.0 | 4.90 | 44.09 | 48.99 | OK | |
r-devel-linux-x86_64-debian-gcc | 0.1.0 | 3.95 | 33.84 | 37.79 | OK | |
r-devel-linux-x86_64-fedora-clang | 0.1.0 | 76.71 | OK | |||
r-devel-linux-x86_64-fedora-gcc | 0.1.0 | 81.00 | OK | |||
r-devel-windows-x86_64 | 0.1.0 | 7.00 | 63.00 | 70.00 | OK | |
r-patched-linux-x86_64 | 0.1.0 | 4.54 | 42.49 | 47.03 | OK | |
r-release-linux-x86_64 | 0.1.0 | 4.58 | 42.53 | 47.11 | OK | |
r-release-macos-arm64 | 0.1.0 | 30.00 | OK | |||
r-release-macos-x86_64 | 0.1.0 | 47.00 | OK | |||
r-release-windows-x86_64 | 0.1.0 | 6.00 | 105.00 | 111.00 | OK | |
r-oldrel-macos-arm64 | 0.1.0 | 26.00 | NOTE | |||
r-oldrel-macos-x86_64 | 0.1.0 | 39.00 | NOTE | |||
r-oldrel-windows-x86_64 | 0.1.0 | 8.00 | 73.00 | 81.00 | OK |
Version: 0.1.0
Check: package dependencies
Result: NOTE
Package suggested but not available for checking: ‘INLA’
Flavors: r-oldrel-macos-arm64, r-oldrel-macos-x86_64