Last updated on 2025-05-22 05:51:16 CEST.
Flavor | Version | Tinstall | Tcheck | Ttotal | Status | Flags |
---|---|---|---|---|---|---|
r-devel-linux-x86_64-debian-clang | 1.0.4 | 46.52 | 197.90 | 244.42 | OK | |
r-devel-linux-x86_64-debian-gcc | 1.0.4 | 31.95 | 138.16 | 170.11 | OK | |
r-devel-linux-x86_64-fedora-clang | 1.0.4 | 404.01 | ERROR | |||
r-devel-linux-x86_64-fedora-gcc | 1.0.4 | 388.01 | OK | |||
r-devel-windows-x86_64 | 1.0.4 | 50.00 | 198.00 | 248.00 | OK | |
r-patched-linux-x86_64 | 1.0.4 | 44.54 | 188.64 | 233.18 | OK | |
r-release-linux-x86_64 | 1.0.4 | 41.53 | 187.27 | 228.80 | OK | |
r-release-macos-arm64 | 1.0.4 | 91.00 | OK | |||
r-release-macos-x86_64 | 1.0.4 | 179.00 | OK | |||
r-release-windows-x86_64 | 1.0.4 | 48.00 | 276.00 | 324.00 | OK | |
r-oldrel-macos-arm64 | 1.0.4 | 101.00 | NOTE | |||
r-oldrel-macos-x86_64 | 206.00 | NOTE | ||||
r-oldrel-windows-x86_64 | 1.0.3 | 62.00 | 271.00 | 333.00 | NOTE |
Version: 1.0.4
Check: PDF version of manual
Result: WARN
LaTeX errors when creating PDF version.
This typically indicates Rd problems.
Flavor: r-devel-linux-x86_64-fedora-clang
Version: 1.0.4
Check: PDF version of manual without index
Result: ERROR
Re-running with no redirection of stdout/stderr.
Flavor: r-devel-linux-x86_64-fedora-clang
Version: 1.0.4
Check: for non-standard things in the check directory
Result: NOTE
Found the following files/directories:
‘SpaCCI-manual.tex’
Flavor: r-devel-linux-x86_64-fedora-clang
Version: 1.0.4
Check: installed package size
Result: NOTE
installed size is 8.3Mb
sub-directories of 1Mb or more:
extdata 5.9Mb
libs 2.0Mb
Flavors: r-oldrel-macos-arm64, r-oldrel-macos-x86_64
Version: 1.0.3
Check: installed package size
Result: NOTE
installed size is 7.3Mb
sub-directories of 1Mb or more:
extdata 6.0Mb
libs 1.0Mb
Flavor: r-oldrel-windows-x86_64