CRAN Package Check Results for Package SoupX

Last updated on 2025-05-22 05:51:16 CEST.

Flavor Version Tinstall Tcheck Ttotal Status Flags
r-devel-linux-x86_64-debian-clang 1.6.2 69.91 285.76 355.67 NOTE
r-devel-linux-x86_64-debian-gcc 1.6.2 54.75 194.84 249.59 NOTE
r-devel-linux-x86_64-fedora-clang 1.6.2 542.60 ERROR
r-devel-linux-x86_64-fedora-gcc 1.6.2 553.87 OK
r-devel-windows-x86_64 1.6.2 70.00 253.00 323.00 OK
r-patched-linux-x86_64 1.6.2 71.57 266.80 338.37 OK
r-release-linux-x86_64 1.6.2 66.92 265.09 332.01 OK
r-release-macos-arm64 1.6.2 164.00 OK
r-release-macos-x86_64 1.6.2 294.00 OK
r-release-windows-x86_64 1.6.2 69.00 461.00 530.00 OK
r-oldrel-macos-arm64 1.6.2 161.00 NOTE
r-oldrel-macos-x86_64 1.6.2 236.00 NOTE
r-oldrel-windows-x86_64 1.6.2 95.00 347.00 442.00 NOTE

Check Details

Version: 1.6.2
Check: CRAN incoming feasibility
Result: NOTE Maintainer: ‘Matthew Daniel Young <my4@sanger.ac.uk>’ No Authors@R field in DESCRIPTION. Please add one, modifying Authors@R: person(given = c("Matthew", "Daniel"), family = "Young", role = c("aut", "cre"), email = "my4@sanger.ac.uk") as necessary. Flavors: r-devel-linux-x86_64-debian-clang, r-devel-linux-x86_64-debian-gcc

Version: 1.6.2
Check: PDF version of manual
Result: WARN LaTeX errors when creating PDF version. This typically indicates Rd problems. Flavor: r-devel-linux-x86_64-fedora-clang

Version: 1.6.2
Check: PDF version of manual without index
Result: ERROR Re-running with no redirection of stdout/stderr. Flavor: r-devel-linux-x86_64-fedora-clang

Version: 1.6.2
Check: for non-standard things in the check directory
Result: NOTE Found the following files/directories: ‘SoupX-manual.tex’ Flavor: r-devel-linux-x86_64-fedora-clang

Version: 1.6.2
Check: package dependencies
Result: NOTE Package suggested but not available for checking: ‘DropletUtils’ Flavor: r-oldrel-macos-arm64

Version: 1.6.2
Check: installed package size
Result: NOTE installed size is 6.7Mb sub-directories of 1Mb or more: data 4.9Mb doc 1.0Mb Flavors: r-oldrel-macos-arm64, r-oldrel-macos-x86_64, r-oldrel-windows-x86_64