Last updated on 2025-05-22 05:51:16 CEST.
Flavor | Version | Tinstall | Tcheck | Ttotal | Status | Flags |
---|---|---|---|---|---|---|
r-devel-linux-x86_64-debian-clang | 0.2.0 | 8.12 | 62.95 | 71.07 | NOTE | |
r-devel-linux-x86_64-debian-gcc | 0.2.0 | 6.15 | 45.86 | 52.01 | NOTE | |
r-devel-linux-x86_64-fedora-clang | 0.2.0 | 109.65 | OK | |||
r-devel-linux-x86_64-fedora-gcc | 0.2.0 | 103.89 | OK | |||
r-devel-windows-x86_64 | 0.2.0 | 10.00 | 77.00 | 87.00 | OK | |
r-patched-linux-x86_64 | 0.2.0 | 7.57 | 60.33 | 67.90 | OK | |
r-release-linux-x86_64 | 0.2.0 | 8.06 | 60.07 | 68.13 | OK | |
r-release-macos-arm64 | 0.2.0 | 37.00 | OK | |||
r-release-macos-x86_64 | 0.2.0 | 67.00 | OK | |||
r-release-windows-x86_64 | 0.2.0 | 10.00 | 76.00 | 86.00 | OK | |
r-oldrel-macos-arm64 | 0.2.0 | 33.00 | OK | |||
r-oldrel-macos-x86_64 | 0.2.0 | 51.00 | OK | |||
r-oldrel-windows-x86_64 | 0.2.0 | 12.00 | 92.00 | 104.00 | OK |
Version: 0.2.0
Check: CRAN incoming feasibility
Result: NOTE
Maintainer: ‘Everaldo Freitas Guedes <efgestatistico@gmail.com>’
The BugReports field in DESCRIPTION has
https://github.com/efguedes/SlidingWindows
which should likely be
https://github.com/efguedes/SlidingWindows/issues
instead.
Flavors: r-devel-linux-x86_64-debian-clang, r-devel-linux-x86_64-debian-gcc