Last updated on 2025-05-23 05:52:39 CEST.
Flavor | Version | Tinstall | Tcheck | Ttotal | Status | Flags |
---|---|---|---|---|---|---|
r-devel-linux-x86_64-debian-clang | 1.0 | 1.91 | 18.99 | 20.90 | OK | |
r-devel-linux-x86_64-debian-gcc | 1.0 | 1.63 | 15.83 | 17.46 | OK | |
r-devel-linux-x86_64-fedora-clang | 1.0 | 32.41 | OK | |||
r-devel-linux-x86_64-fedora-gcc | 1.0 | 30.81 | OK | |||
r-devel-windows-x86_64 | 1.0 | 2.00 | 67.00 | 69.00 | OK | |
r-patched-linux-x86_64 | 1.0 | 1.97 | 18.13 | 20.10 | OK | |
r-release-linux-x86_64 | 1.0 | 1.76 | 18.29 | 20.05 | OK | |
r-release-macos-arm64 | 1.0 | 19.00 | OK | |||
r-release-macos-x86_64 | 1.0 | 24.00 | OK | |||
r-release-windows-x86_64 | 1.0 | 3.00 | 68.00 | 71.00 | OK | |
r-oldrel-macos-arm64 | 1.0 | 17.00 | NOTE | |||
r-oldrel-macos-x86_64 | 1.0 | 22.00 | NOTE | |||
r-oldrel-windows-x86_64 | 1.0 | 2.00 | 43.00 | 45.00 | NOTE |
Version: 1.0
Check: LazyData
Result: NOTE
'LazyData' is specified without a 'data' directory
Flavors: r-oldrel-macos-arm64, r-oldrel-macos-x86_64, r-oldrel-windows-x86_64