Last updated on 2025-05-22 05:51:17 CEST.
Flavor | Version | Tinstall | Tcheck | Ttotal | Status | Flags |
---|---|---|---|---|---|---|
r-devel-linux-x86_64-debian-clang | 1.0.0 | 41.83 | 375.40 | 417.23 | OK | |
r-devel-linux-x86_64-debian-gcc | 1.0.0 | 28.16 | 252.87 | 281.03 | OK | |
r-devel-linux-x86_64-fedora-clang | 1.0.0 | 643.12 | ERROR | |||
r-devel-linux-x86_64-fedora-gcc | 1.0.0 | 661.84 | OK | |||
r-devel-windows-x86_64 | 1.0.0 | 41.00 | 361.00 | 402.00 | OK | |
r-patched-linux-x86_64 | 1.0.0 | 37.30 | 360.97 | 398.27 | OK | |
r-release-linux-x86_64 | 1.0.0 | 36.86 | 364.29 | 401.15 | OK | |
r-release-macos-arm64 | 1.0.0 | 209.00 | OK | |||
r-release-macos-x86_64 | 1.0.0 | 443.00 | OK | |||
r-release-windows-x86_64 | 1.0.0 | 41.00 | 417.00 | 458.00 | OK | |
r-oldrel-macos-arm64 | 1.0.0 | 196.00 | OK | |||
r-oldrel-macos-x86_64 | 1.0.0 | 291.00 | OK | |||
r-oldrel-windows-x86_64 | 1.0.0 | 56.00 | 483.00 | 539.00 | OK |
Version: 1.0.0
Check: re-building of vignette outputs
Result: ERROR
Error(s) in re-building vignettes:
--- re-building ‘STREAKvignette.Rmd’ using rmarkdown
Error: processing vignette 'STREAKvignette.Rmd' failed with diagnostics:
LaTeX failed to compile /data/gannet/ripley/R/packages/tests-clang/STREAK.Rcheck/vign_test/STREAK/vignettes/STREAKvignette.tex. See https://yihui.org/tinytex/r/#debugging for debugging tips.
--- failed re-building ‘STREAKvignette.Rmd’
SUMMARY: processing the following file failed:
‘STREAKvignette.Rmd’
Error: Vignette re-building failed.
Execution halted
Flavor: r-devel-linux-x86_64-fedora-clang
Version: 1.0.0
Check: PDF version of manual
Result: WARN
LaTeX errors when creating PDF version.
This typically indicates Rd problems.
Flavor: r-devel-linux-x86_64-fedora-clang
Version: 1.0.0
Check: PDF version of manual without index
Result: ERROR
Re-running with no redirection of stdout/stderr.
Flavor: r-devel-linux-x86_64-fedora-clang
Version: 1.0.0
Check: for non-standard things in the check directory
Result: NOTE
Found the following files/directories:
‘STREAK-manual.tex’
Flavor: r-devel-linux-x86_64-fedora-clang