Last updated on 2025-05-22 05:51:17 CEST.
Flavor | Version | Tinstall | Tcheck | Ttotal | Status | Flags |
---|---|---|---|---|---|---|
r-devel-linux-x86_64-debian-clang | 1.4.2 | 15.02 | 317.34 | 332.36 | NOTE | |
r-devel-linux-x86_64-debian-gcc | 1.4.2 | 10.19 | 217.12 | 227.31 | NOTE | |
r-devel-linux-x86_64-fedora-clang | 1.4.2 | 528.09 | ERROR | |||
r-devel-linux-x86_64-fedora-gcc | 1.4.2 | 504.86 | OK | |||
r-devel-windows-x86_64 | 1.4.2 | 17.00 | 370.00 | 387.00 | NOTE | |
r-patched-linux-x86_64 | 1.4.2 | 13.36 | 278.51 | 291.87 | NOTE | |
r-release-linux-x86_64 | 1.4.2 | 14.56 | 284.53 | 299.09 | NOTE | |
r-release-macos-arm64 | 1.4.2 | 156.00 | OK | |||
r-release-macos-x86_64 | 1.4.2 | 426.00 | OK | |||
r-release-windows-x86_64 | 1.4.2 | 16.00 | 371.00 | 387.00 | NOTE | |
r-oldrel-macos-arm64 | 1.4.2 | 183.00 | OK | |||
r-oldrel-macos-x86_64 | 1.4.2 | 395.00 | OK | |||
r-oldrel-windows-x86_64 | 1.4.2 | 21.00 | 454.00 | 475.00 | OK |
Version: 1.4.2
Check: Rd cross-references
Result: NOTE
Found the following Rd file(s) with Rd \link{} targets missing package
anchors:
plot.Rd: viridis
Please provide package anchors for all Rd \link{} targets not in the
package itself and the base packages.
Flavors: r-devel-linux-x86_64-debian-clang, r-devel-linux-x86_64-debian-gcc, r-devel-windows-x86_64, r-patched-linux-x86_64, r-release-linux-x86_64, r-release-windows-x86_64
Version: 1.4.2
Check: PDF version of manual
Result: WARN
LaTeX errors when creating PDF version.
This typically indicates Rd problems.
Flavor: r-devel-linux-x86_64-fedora-clang
Version: 1.4.2
Check: PDF version of manual without index
Result: ERROR
Re-running with no redirection of stdout/stderr.
Flavor: r-devel-linux-x86_64-fedora-clang
Version: 1.4.2
Check: for non-standard things in the check directory
Result: NOTE
Found the following files/directories:
‘SPUTNIK-manual.tex’
Flavor: r-devel-linux-x86_64-fedora-clang