Last updated on 2025-05-23 05:52:39 CEST.
Flavor | Version | Tinstall | Tcheck | Ttotal | Status | Flags |
---|---|---|---|---|---|---|
r-devel-linux-x86_64-debian-clang | 1.1.1 | 11.24 | 28.22 | 39.46 | NOTE | |
r-devel-linux-x86_64-debian-gcc | 1.1.1 | 8.91 | 21.90 | 30.81 | NOTE | |
r-devel-linux-x86_64-fedora-clang | 1.1.1 | 66.71 | OK | |||
r-devel-linux-x86_64-fedora-gcc | 1.1.1 | 66.12 | OK | |||
r-devel-windows-x86_64 | 1.1.1 | 15.00 | 122.00 | 137.00 | OK | |
r-patched-linux-x86_64 | 1.1.1 | 12.49 | 26.94 | 39.43 | OK | |
r-release-linux-x86_64 | 1.1.1 | 12.26 | 27.02 | 39.28 | OK | |
r-release-macos-arm64 | 1.1.1 | 28.00 | OK | |||
r-release-macos-x86_64 | 1.1.1 | 40.00 | OK | |||
r-release-windows-x86_64 | 1.1.1 | 15.00 | 115.00 | 130.00 | OK | |
r-oldrel-macos-arm64 | 1.1.1 | 24.00 | OK | |||
r-oldrel-macos-x86_64 | 1.1.1 | 35.00 | OK | |||
r-oldrel-windows-x86_64 | 1.1.1 | 16.00 | 78.00 | 94.00 | OK |
Version: 1.1.1
Check: CRAN incoming feasibility
Result: NOTE
Maintainer: ‘F Scott Dahlgren <fdahlgr@gmail.com>’
No Authors@R field in DESCRIPTION.
Please add one, modifying
Authors@R: c(person(given = c("F", "Scott"),
family = "Dahlgren",
role = c("aut", "cre"),
email = "fdahlgr@gmail.com"),
person(given = c("Ivo", "M"),
family = "Foppa",
role = "aut"))
as necessary.
Flavors: r-devel-linux-x86_64-debian-clang, r-devel-linux-x86_64-debian-gcc