Last updated on 2025-05-22 05:51:15 CEST.
Flavor | Version | Tinstall | Tcheck | Ttotal | Status | Flags |
---|---|---|---|---|---|---|
r-devel-linux-x86_64-debian-clang | 1.0.2 | 8.17 | 64.44 | 72.61 | OK | |
r-devel-linux-x86_64-debian-gcc | 1.0.2 | 5.49 | 47.15 | 52.64 | OK | |
r-devel-linux-x86_64-fedora-clang | 1.0.2 | 112.69 | NOTE | |||
r-devel-linux-x86_64-fedora-gcc | 1.0.2 | 106.27 | NOTE | |||
r-devel-windows-x86_64 | 1.0.2 | 8.00 | 89.00 | 97.00 | OK | |
r-patched-linux-x86_64 | 1.0.2 | 7.68 | 62.85 | 70.53 | OK | |
r-release-linux-x86_64 | 1.0.2 | 7.27 | 61.67 | 68.94 | OK | |
r-release-macos-arm64 | 1.0.2 | 35.00 | OK | |||
r-release-macos-x86_64 | 1.0.2 | 65.00 | OK | |||
r-release-windows-x86_64 | 1.0.2 | 9.00 | 96.00 | 105.00 | OK | |
r-oldrel-macos-arm64 | 1.0.2 | 36.00 | OK | |||
r-oldrel-macos-x86_64 | 1.0.2 | 82.00 | OK | |||
r-oldrel-windows-x86_64 | 1.0.2 | 11.00 | 91.00 | 102.00 | OK |
Version: 1.0.2
Check: dependencies in R code
Result: NOTE
Namespace in Imports field not imported from: ‘RhpcBLASctl’
All declared Imports should be used.
Flavors: r-devel-linux-x86_64-fedora-clang, r-devel-linux-x86_64-fedora-gcc