Last updated on 2025-05-23 05:52:38 CEST.
Flavor | Version | Tinstall | Tcheck | Ttotal | Status | Flags |
---|---|---|---|---|---|---|
r-devel-linux-x86_64-debian-clang | 1.0.2 | 9.21 | 63.07 | 72.28 | NOTE | |
r-devel-linux-x86_64-debian-gcc | 1.0.2 | 6.69 | 45.25 | 51.94 | NOTE | |
r-devel-linux-x86_64-fedora-clang | 1.0.2 | 115.07 | OK | |||
r-devel-linux-x86_64-fedora-gcc | 1.0.2 | 106.02 | OK | |||
r-devel-windows-x86_64 | 1.0.2 | 14.00 | 80.00 | 94.00 | OK | |
r-patched-linux-x86_64 | 1.0.2 | 9.40 | 57.92 | 67.32 | OK | |
r-release-linux-x86_64 | 1.0.2 | 9.14 | 57.95 | 67.09 | OK | |
r-release-macos-arm64 | 1.0.2 | 38.00 | OK | |||
r-release-macos-x86_64 | 1.0.2 | 70.00 | OK | |||
r-release-windows-x86_64 | 1.0.2 | 12.00 | 106.00 | 118.00 | OK | |
r-oldrel-macos-arm64 | 1.0.2 | 36.00 | OK | |||
r-oldrel-macos-x86_64 | 1.0.2 | 72.00 | OK | |||
r-oldrel-windows-x86_64 | 1.0.2 | 16.00 | 96.00 | 112.00 | OK |
Version: 1.0.2
Check: CRAN incoming feasibility
Result: NOTE
Maintainer: ‘Yuwen Gu <yuwen.gu@uconn.edu>’
No Authors@R field in DESCRIPTION.
Please add one, modifying
Authors@R: c(person(given = "Yuwen",
family = "Gu",
role = c("aut", "cre"),
email = "yuwen.gu@uconn.edu"),
person(given = "Hui",
family = "Zou",
role = "aut",
email = "zouxx019@umn.edu"))
as necessary.
Flavors: r-devel-linux-x86_64-debian-clang, r-devel-linux-x86_64-debian-gcc