Last updated on 2025-10-31 05:48:52 CET.
| Flavor | Version | Tinstall | Tcheck | Ttotal | Status | Flags | 
|---|---|---|---|---|---|---|
| r-devel-linux-x86_64-debian-clang | 0.1.6.2 | 17.82 | 30.83 | 48.65 | NOTE | |
| r-devel-linux-x86_64-debian-gcc | 0.1.6.2 | 14.00 | 23.63 | 37.63 | NOTE | |
| r-devel-linux-x86_64-fedora-clang | 0.1.6.2 | 40.00 | 46.22 | 86.22 | OK | |
| r-devel-linux-x86_64-fedora-gcc | 0.1.6.2 | 44.00 | 38.34 | 82.34 | OK | |
| r-devel-windows-x86_64 | 0.1.6.2 | 24.00 | 64.00 | 88.00 | OK | |
| r-patched-linux-x86_64 | 0.1.6.2 | 22.04 | 28.91 | 50.95 | OK | |
| r-release-linux-x86_64 | 0.1.6.2 | 20.75 | 28.97 | 49.72 | OK | |
| r-release-macos-arm64 | 0.1.6.2 | 5.00 | 5.00 | 10.00 | ERROR | |
| r-release-macos-x86_64 | 0.1.6.2 | 5.00 | 7.00 | 12.00 | ERROR | |
| r-release-windows-x86_64 | 0.1.6.2 | 26.00 | 70.00 | 96.00 | OK | |
| r-oldrel-macos-arm64 | 0.1.6.2 | 4.00 | 10.00 | 14.00 | ERROR | |
| r-oldrel-macos-x86_64 | 0.1.6.2 | 6.00 | 12.00 | 18.00 | ERROR | |
| r-oldrel-windows-x86_64 | 0.1.6.2 | 34.00 | 86.00 | 120.00 | NOTE | 
Version: 0.1.6.2
Check: CRAN incoming feasibility
Result: NOTE
  Maintainer: ‘Junhewk Kim <junhewk.kim@gmail.com>’
  
  No Authors@R field in DESCRIPTION.
  Please add one, modifying
    Authors@R: person(given = "Junhewk",
                      family = "Kim",
                      role = c("aut", "cre"),
                      email = "junhewk.kim@gmail.com")
  as necessary.
Flavors: r-devel-linux-x86_64-debian-clang, r-devel-linux-x86_64-debian-gcc
Version: 0.1.6.2
Check: whether package can be installed
Result: ERROR
  Installation failed.
Flavors: r-release-macos-arm64, r-release-macos-x86_64, r-oldrel-macos-arm64, r-oldrel-macos-x86_64
Version: 0.1.6.2
Check: LazyData
Result: NOTE
    'LazyData' is specified without a 'data' directory
Flavor: r-oldrel-windows-x86_64