Last updated on 2025-05-22 05:51:13 CEST.
Flavor | Version | Tinstall | Tcheck | Ttotal | Status | Flags |
---|---|---|---|---|---|---|
r-devel-linux-x86_64-debian-clang | 0.2-10 | 119.06 | 25.16 | 144.22 | OK | |
r-devel-linux-x86_64-debian-gcc | 0.2-10 | 78.37 | 19.55 | 97.92 | OK | |
r-devel-linux-x86_64-fedora-clang | 0.2-10 | 348.15 | OK | |||
r-devel-linux-x86_64-fedora-gcc | 0.2-10 | 283.42 | OK | |||
r-devel-windows-x86_64 | 0.2-10 | 158.00 | 115.00 | 273.00 | OK | |
r-patched-linux-x86_64 | 0.2-10 | 111.75 | 23.82 | 135.57 | OK | |
r-release-linux-x86_64 | 0.2-10 | 110.04 | 23.95 | 133.99 | OK | |
r-release-macos-arm64 | 0.2-10 | 61.00 | OK | |||
r-release-macos-x86_64 | 0.2-10 | 73.00 | OK | |||
r-release-windows-x86_64 | 0.2-10 | 151.00 | 129.00 | 280.00 | OK | |
r-oldrel-macos-arm64 | 0.2-10 | 57.00 | NOTE | |||
r-oldrel-macos-x86_64 | 0.2-10 | 69.00 | NOTE | |||
r-oldrel-windows-x86_64 | 0.2-10 | 150.00 | 91.00 | 241.00 | OK |
Version: 0.2-10
Check: installed package size
Result: NOTE
installed size is 8.5Mb
sub-directories of 1Mb or more:
libs 8.4Mb
Flavors: r-oldrel-macos-arm64, r-oldrel-macos-x86_64