Last updated on 2025-05-22 05:51:13 CEST.
Flavor | Version | Tinstall | Tcheck | Ttotal | Status | Flags |
---|---|---|---|---|---|---|
r-devel-linux-x86_64-debian-clang | 0.1.4 | 218.20 | 198.43 | 416.63 | NOTE | |
r-devel-linux-x86_64-debian-gcc | 0.1.4 | 155.26 | 144.82 | 300.08 | NOTE | |
r-devel-linux-x86_64-fedora-clang | 0.1.4 | 766.96 | NOTE | |||
r-devel-linux-x86_64-fedora-gcc | 0.1.4 | 822.89 | NOTE | |||
r-devel-windows-x86_64 | 0.1.4 | 244.00 | 238.00 | 482.00 | NOTE | |
r-patched-linux-x86_64 | 0.1.4 | 213.14 | 187.62 | 400.76 | NOTE | |
r-release-linux-x86_64 | 0.1.4 | 213.58 | 183.87 | 397.45 | NOTE | |
r-release-macos-arm64 | 0.1.4 | 157.00 | NOTE | |||
r-release-macos-x86_64 | 0.1.4 | 238.00 | NOTE | |||
r-release-windows-x86_64 | 0.1.4 | 238.00 | 245.00 | 483.00 | NOTE | |
r-oldrel-macos-arm64 | 0.1.4 | 164.00 | NOTE | |||
r-oldrel-macos-x86_64 | 0.1.4 | 212.00 | NOTE | |||
r-oldrel-windows-x86_64 | 0.1.4 | 288.00 | 297.00 | 585.00 | NOTE |
Version: 0.1.4
Check: C++ specification
Result: NOTE
Specified C++11: please drop specification unless essential
Flavors: r-devel-linux-x86_64-debian-clang, r-devel-linux-x86_64-debian-gcc, r-devel-linux-x86_64-fedora-clang, r-devel-linux-x86_64-fedora-gcc, r-devel-windows-x86_64, r-patched-linux-x86_64, r-release-linux-x86_64, r-release-macos-arm64, r-release-macos-x86_64, r-release-windows-x86_64, r-oldrel-macos-arm64, r-oldrel-macos-x86_64, r-oldrel-windows-x86_64
Version: 0.1.4
Check: Rd files
Result: NOTE
checkRd: (-1) acg.Rd:72: Escaped LaTeX specials: \&
checkRd: (-1) gorilla.Rd:41: Escaped LaTeX specials: \&
checkRd: (-1) grassmann.utest.Rd:63: Escaped LaTeX specials: \&
checkRd: (-1) macg.Rd:71: Escaped LaTeX specials: \&
checkRd: (-1) sphere.utest.Rd:47: Escaped LaTeX specials: \&
checkRd: (-1) stiefel.utest.Rd:64: Escaped LaTeX specials: \&
checkRd: (-1) wrap.landmark.Rd:41: Escaped LaTeX specials: \&
Flavors: r-devel-linux-x86_64-debian-clang, r-devel-linux-x86_64-debian-gcc, r-devel-linux-x86_64-fedora-clang, r-devel-linux-x86_64-fedora-gcc, r-devel-windows-x86_64, r-patched-linux-x86_64, r-release-linux-x86_64, r-release-macos-arm64, r-release-macos-x86_64, r-release-windows-x86_64, r-oldrel-macos-arm64, r-oldrel-macos-x86_64, r-oldrel-windows-x86_64
Version: 0.1.4
Check: installed package size
Result: NOTE
installed size is 17.8Mb
sub-directories of 1Mb or more:
data 1.6Mb
libs 15.4Mb
Flavors: r-oldrel-macos-arm64, r-oldrel-macos-x86_64