Last updated on 2025-05-22 05:51:12 CEST.
Flavor | Version | Tinstall | Tcheck | Ttotal | Status | Flags |
---|---|---|---|---|---|---|
r-devel-linux-x86_64-debian-clang | 0.4-12.4 | 19.34 | 167.31 | 186.65 | NOTE | |
r-devel-linux-x86_64-debian-gcc | 0.4-12.4 | 11.80 | 120.12 | 131.92 | NOTE | |
r-devel-linux-x86_64-fedora-clang | 0.4-12.4 | 304.06 | OK | |||
r-devel-linux-x86_64-fedora-gcc | 0.4-12.4 | 304.22 | OK | |||
r-devel-windows-x86_64 | 0.4-12.4 | 26.00 | 254.00 | 280.00 | NOTE | |
r-patched-linux-x86_64 | 0.4-12.4 | 20.14 | 157.26 | 177.40 | NOTE | |
r-release-linux-x86_64 | 0.4-12.4 | 17.80 | 159.03 | 176.83 | NOTE | |
r-release-macos-arm64 | 0.4-12.4 | 144.00 | OK | |||
r-release-macos-x86_64 | 0.4-12.4 | 176.00 | OK | |||
r-release-windows-x86_64 | 0.4-12.4 | 28.00 | 256.00 | 284.00 | NOTE | |
r-oldrel-macos-arm64 | 0.4-12.4 | 86.00 | OK | |||
r-oldrel-macos-x86_64 | 0.4-12.4 | 217.00 | OK | |||
r-oldrel-windows-x86_64 | 0.4-12.4 | 29.00 | 289.00 | 318.00 | OK |
Version: 0.4-12.4
Check: Rd cross-references
Result: NOTE
Found the following Rd file(s) with Rd \link{} targets missing package
anchors:
RecLinkData.object.rd: bincombinations
trainSupv.Rd: rpart
Please provide package anchors for all Rd \link{} targets not in the
package itself and the base packages.
Flavors: r-devel-linux-x86_64-debian-clang, r-devel-linux-x86_64-debian-gcc, r-devel-windows-x86_64, r-patched-linux-x86_64, r-release-linux-x86_64, r-release-windows-x86_64