CRAN Package Check Results for Package Recon

Last updated on 2025-05-23 05:52:36 CEST.

Flavor Version Tinstall Tcheck Ttotal Status Flags
r-devel-linux-x86_64-debian-clang 0.3.0.0 1.85 19.42 21.27 OK
r-devel-linux-x86_64-debian-gcc 0.3.0.0 1.65 16.12 17.77 OK
r-devel-linux-x86_64-fedora-clang 0.3.0.0 35.19 OK
r-devel-linux-x86_64-fedora-gcc 0.3.0.0 31.85 OK
r-devel-windows-x86_64 0.3.0.0 3.00 54.00 57.00 OK
r-patched-linux-x86_64 0.3.0.0 2.14 18.73 20.87 OK
r-release-linux-x86_64 0.3.0.0 1.95 18.37 20.32 OK
r-release-macos-arm64 0.3.0.0 14.00 OK
r-release-macos-x86_64 0.3.0.0 21.00 OK
r-release-windows-x86_64 0.3.0.0 3.00 44.00 47.00 OK
r-oldrel-macos-arm64 0.3.0.0 15.00 NOTE
r-oldrel-macos-x86_64 0.3.0.0 21.00 NOTE
r-oldrel-windows-x86_64 0.3.0.0 3.00 48.00 51.00 NOTE

Check Details

Version: 0.3.0.0
Check: LazyData
Result: NOTE 'LazyData' is specified without a 'data' directory Flavors: r-oldrel-macos-arm64, r-oldrel-macos-x86_64, r-oldrel-windows-x86_64