Last updated on 2025-10-29 05:50:21 CET.
| Flavor | Version | Tinstall | Tcheck | Ttotal | Status | Flags | 
|---|---|---|---|---|---|---|
| r-devel-linux-x86_64-debian-clang | 2.1 | 7.12 | 87.40 | 94.52 | NOTE | |
| r-devel-linux-x86_64-debian-gcc | 2.1 | 5.41 | 62.61 | 68.02 | NOTE | |
| r-devel-linux-x86_64-fedora-clang | 2.1 | 16.00 | 127.17 | 143.17 | OK | |
| r-devel-linux-x86_64-fedora-gcc | 2.1 | 16.00 | 135.18 | 151.18 | OK | |
| r-devel-windows-x86_64 | 2.1 | 8.00 | 108.00 | 116.00 | OK | |
| r-patched-linux-x86_64 | 2.1 | 7.76 | 83.68 | 91.44 | OK | |
| r-release-linux-x86_64 | 2.1 | 7.49 | 84.03 | 91.52 | OK | |
| r-release-macos-arm64 | 2.1 | 4.00 | 52.00 | 56.00 | OK | |
| r-release-macos-x86_64 | 2.1 | 9.00 | 101.00 | 110.00 | OK | |
| r-release-windows-x86_64 | 2.1 | 8.00 | 112.00 | 120.00 | OK | |
| r-oldrel-macos-arm64 | 2.1 | 3.00 | 42.00 | 45.00 | OK | |
| r-oldrel-macos-x86_64 | 2.1 | 5.00 | 71.00 | 76.00 | OK | |
| r-oldrel-windows-x86_64 | 2.1 | 11.00 | 137.00 | 148.00 | OK | 
Version: 2.1
Check: CRAN incoming feasibility
Result: NOTE
  Maintainer: ‘Ivan Fernandez-Val <ivanf@bu.edu>’
  
  No Authors@R field in DESCRIPTION.
  Please add one, modifying
    Authors@R: c(person(given = "Wesley",
                        family = "Graybill",
                        role = "aut"),
                 person(given = "Mingli",
                        family = "Chen",
                        role = "aut"),
                 person(given = "Victor",
                        family = "Chernozhukov",
                        role = "aut"),
                 person(given = "Ivan",
                        family = "Fernandez-Val",
                        role = c("aut", "cre"),
                        email = "ivanf@bu.edu"),
                 person(given = "Alfred",
                        family = "Galichon",
                        role = "aut"))
  as necessary.
Flavors: r-devel-linux-x86_64-debian-clang, r-devel-linux-x86_64-debian-gcc