Last updated on 2025-05-23 05:52:36 CEST.
Flavor | Version | Tinstall | Tcheck | Ttotal | Status | Flags |
---|---|---|---|---|---|---|
r-devel-linux-x86_64-debian-clang | 1.0 | 81.96 | 27.98 | 109.94 | OK | |
r-devel-linux-x86_64-debian-gcc | 1.0 | 59.35 | 22.76 | 82.11 | OK | |
r-devel-linux-x86_64-fedora-clang | 1.0 | 199.45 | OK | |||
r-devel-linux-x86_64-fedora-gcc | 1.0 | 226.40 | OK | |||
r-devel-windows-x86_64 | 1.0 | 89.00 | 140.00 | 229.00 | OK | |
r-patched-linux-x86_64 | 1.0 | 87.52 | 25.80 | 113.32 | OK | |
r-release-linux-x86_64 | 1.0 | 85.25 | 25.96 | 111.21 | OK | |
r-release-macos-arm64 | 1.0 | 43.00 | OK | |||
r-release-macos-x86_64 | 1.0 | 51.00 | OK | |||
r-release-windows-x86_64 | 1.0 | 90.00 | 135.00 | 225.00 | OK | |
r-oldrel-macos-arm64 | 1.0 | 52.00 | NOTE | |||
r-oldrel-macos-x86_64 | 1.0 | 77.00 | NOTE | |||
r-oldrel-windows-x86_64 | 1.0 | 90.00 | 92.00 | 182.00 | OK |
Version: 1.0
Check: installed package size
Result: NOTE
installed size is 6.5Mb
sub-directories of 1Mb or more:
libs 5.8Mb
Flavors: r-oldrel-macos-arm64, r-oldrel-macos-x86_64