Last updated on 2025-05-22 05:51:14 CEST.
Flavor | Version | Tinstall | Tcheck | Ttotal | Status | Flags |
---|---|---|---|---|---|---|
r-devel-linux-x86_64-debian-clang | 0.4-46 | 7.96 | 86.99 | 94.95 | OK | |
r-devel-linux-x86_64-debian-gcc | 0.4-46 | 6.49 | 65.74 | 72.23 | OK | |
r-devel-linux-x86_64-fedora-clang | 0.4-46 | 151.04 | NOTE | |||
r-devel-linux-x86_64-fedora-gcc | 0.4-46 | 159.59 | NOTE | |||
r-devel-windows-x86_64 | 0.4-46 | 9.00 | 214.00 | 223.00 | OK | |
r-patched-linux-x86_64 | 0.4-46 | 7.21 | 82.38 | 89.59 | OK | |
r-release-linux-x86_64 | 0.4-46 | 7.83 | 83.63 | 91.46 | OK | |
r-release-macos-arm64 | 0.4-46 | 56.00 | NOTE | |||
r-release-macos-x86_64 | 0.4-46 | 95.00 | NOTE | |||
r-release-windows-x86_64 | 0.4-46 | 9.00 | 248.00 | 257.00 | OK | |
r-oldrel-macos-arm64 | 0.4-46 | 49.00 | OK | |||
r-oldrel-macos-x86_64 | 0.4-46 | 71.00 | OK | |||
r-oldrel-windows-x86_64 | 0.4-46 | 9.00 | 128.00 | 137.00 | OK |
Version: 0.4-46
Check: tests
Result: NOTE
Running ‘data_exchange.R’
Comparing ‘data_exchange.Rout’ to ‘data_exchange.Rout.save’ ...136c136
< 1 2012-12-12 12:12:12 2012-12-12 12:12:12
---
> 1 2012-12-12 12:12:12 2012-12-12 13:12:12
159c159
< 1 2012-12-12 12:12:12 2012-12-12 12:12:12
---
> 1 2012-12-12 12:12:12 2012-12-12 13:12:12
Flavors: r-devel-linux-x86_64-fedora-clang, r-devel-linux-x86_64-fedora-gcc
Version: 0.4-46
Check: tests
Result: NOTE
Running ‘data_exchange.R’ [1s/1s]
Comparing ‘data_exchange.Rout’ to ‘data_exchange.Rout.save’ ...136c136
< 1 2012-12-12 12:12:12 2012-12-13 01:12:12
---
> 1 2012-12-12 12:12:12 2012-12-12 13:12:12
159c159
< 1 2012-12-12 12:12:12 2012-12-13 01:12:12
---
> 1 2012-12-12 12:12:12 2012-12-12 13:12:12
Flavor: r-release-macos-arm64
Version: 0.4-46
Check: tests
Result: NOTE
Running ‘data_exchange.R’ [2s/1s]
Comparing ‘data_exchange.Rout’ to ‘data_exchange.Rout.save’ ...136c136
< 1 2012-12-12 12:12:12 2012-12-12 07:12:12
---
> 1 2012-12-12 12:12:12 2012-12-12 13:12:12
159c159
< 1 2012-12-12 12:12:12 2012-12-12 07:12:12
---
> 1 2012-12-12 12:12:12 2012-12-12 13:12:12
Flavor: r-release-macos-x86_64