Last updated on 2025-05-22 05:51:13 CEST.
Flavor | Version | Tinstall | Tcheck | Ttotal | Status | Flags |
---|---|---|---|---|---|---|
r-devel-linux-x86_64-debian-clang | 0.0.3 | 47.56 | 414.88 | 462.44 | NOTE | |
r-devel-linux-x86_64-debian-gcc | 0.0.3 | 28.14 | 274.98 | 303.12 | NOTE | |
r-devel-linux-x86_64-fedora-clang | 0.0.3 | 733.56 | ERROR | |||
r-devel-linux-x86_64-fedora-gcc | 0.0.3 | 750.58 | NOTE | |||
r-devel-windows-x86_64 | 0.0.3 | 43.00 | 314.00 | 357.00 | NOTE | |
r-patched-linux-x86_64 | 0.0.3 | 46.20 | 389.11 | 435.31 | NOTE | |
r-release-linux-x86_64 | 0.0.3 | 41.92 | 387.55 | 429.47 | NOTE | |
r-release-macos-arm64 | 0.0.3 | 172.00 | OK | |||
r-release-macos-x86_64 | 0.0.3 | 376.00 | OK | |||
r-release-windows-x86_64 | 0.0.3 | 42.00 | 317.00 | 359.00 | OK | |
r-oldrel-macos-arm64 | 0.0.3 | 165.00 | NOTE | |||
r-oldrel-macos-x86_64 | 0.0.3 | 373.00 | NOTE | |||
r-oldrel-windows-x86_64 | 0.0.3 | 59.00 | 435.00 | 494.00 | NOTE |
Version: 0.0.3
Check: Rd cross-references
Result: NOTE
Unknown package ‘Bchron’ in Rd xrefs
Flavors: r-devel-linux-x86_64-debian-clang, r-devel-linux-x86_64-debian-gcc, r-devel-linux-x86_64-fedora-gcc, r-devel-windows-x86_64, r-patched-linux-x86_64, r-release-linux-x86_64
Version: 0.0.3
Check: Rd cross-references
Result: NOTE
Undeclared package ‘adehabitatHS’ in Rd xrefs
Unknown package ‘Bchron’ in Rd xrefs
Flavor: r-devel-linux-x86_64-fedora-clang
Version: 0.0.3
Check: PDF version of manual
Result: WARN
LaTeX errors when creating PDF version.
This typically indicates Rd problems.
Flavor: r-devel-linux-x86_64-fedora-clang
Version: 0.0.3
Check: PDF version of manual without index
Result: ERROR
Re-running with no redirection of stdout/stderr.
Flavor: r-devel-linux-x86_64-fedora-clang
Version: 0.0.3
Check: for non-standard things in the check directory
Result: NOTE
Found the following files/directories:
‘RRgeo-manual.tex’
Flavor: r-devel-linux-x86_64-fedora-clang
Version: 0.0.3
Check: package dependencies
Result: NOTE
Package suggested but not available for checking: ‘rnaturalearthhires’
Flavors: r-oldrel-macos-arm64, r-oldrel-macos-x86_64, r-oldrel-windows-x86_64