Last updated on 2025-10-29 05:50:22 CET.
| Flavor | Version | Tinstall | Tcheck | Ttotal | Status | Flags | 
|---|---|---|---|---|---|---|
| r-devel-linux-x86_64-debian-clang | 1.25 | 3.11 | 33.45 | 36.56 | NOTE | |
| r-devel-linux-x86_64-debian-gcc | 1.25 | 2.68 | 24.88 | 27.56 | NOTE | |
| r-devel-linux-x86_64-fedora-clang | 1.25 | 55.94 | NOTE | |||
| r-devel-linux-x86_64-fedora-gcc | 1.25 | 50.66 | NOTE | |||
| r-devel-windows-x86_64 | 1.25 | 4.00 | 55.00 | 59.00 | NOTE | |
| r-patched-linux-x86_64 | 1.25 | 4.51 | 31.12 | 35.63 | NOTE | |
| r-release-linux-x86_64 | 1.25 | 3.36 | 31.22 | 34.58 | NOTE | |
| r-release-macos-arm64 | 1.25 | 2.00 | 16.00 | 18.00 | NOTE | |
| r-release-macos-x86_64 | 1.25 | 3.00 | 30.00 | 33.00 | NOTE | |
| r-release-windows-x86_64 | 1.25 | 6.00 | 58.00 | 64.00 | NOTE | |
| r-oldrel-macos-arm64 | 1.25 | 1.00 | 16.00 | 17.00 | NOTE | |
| r-oldrel-macos-x86_64 | 1.25 | 2.00 | 23.00 | 25.00 | NOTE | |
| r-oldrel-windows-x86_64 | 1.25 | 7.00 | 64.00 | 71.00 | NOTE | 
Version: 1.25
Check: CRAN incoming feasibility
Result: NOTE
  Maintainer: ‘E. Andres Houseman <eahouseman@gmail.com>’
  
  No Authors@R field in DESCRIPTION.
  Please add one, modifying
    Authors@R: c(person(given = c("E.", "Andres"),
                        family = "Houseman",
                        role = c("aut", "cre"),
                        email = "eahouseman@gmail.com"),
                 person(family = "Sc.D.",
                        role = "aut"),
                 person(given = c("Devin", "C."),
                        family = "Koestler",
                        role = "aut"),
                 person(family = "Ph.D.",
                        role = "aut"))
  as necessary.
Flavors: r-devel-linux-x86_64-debian-clang, r-devel-linux-x86_64-debian-gcc
Version: 1.25
Check: Rd files
Result: NOTE
  checkRd: (-1) plotImage.blcTree.Rd:17: Lost braces
      17 |   \item{method}{Method to determine width of columns that represent classes: \dQuote{weight} (subject weight in class) or dQuote{binary} (depth in tree).}
         |                                                                                                                                 ^
  checkRd: (-1) plotImage.glcTree.Rd:16: Lost braces
      16 |   \item{method}{Method to determine width of columns that represent classes: \dQuote{weight} (subject weight in class) or dQuote{binary} (depth in tree).}
         |                                                                                                                                 ^
Flavors: r-devel-linux-x86_64-debian-clang, r-devel-linux-x86_64-debian-gcc, r-devel-linux-x86_64-fedora-clang, r-devel-linux-x86_64-fedora-gcc, r-devel-windows-x86_64, r-patched-linux-x86_64, r-release-linux-x86_64, r-release-macos-arm64, r-release-macos-x86_64, r-release-windows-x86_64, r-oldrel-macos-arm64, r-oldrel-macos-x86_64, r-oldrel-windows-x86_64