Last updated on 2025-05-22 05:51:11 CEST.
Flavor | Version | Tinstall | Tcheck | Ttotal | Status | Flags |
---|---|---|---|---|---|---|
r-devel-linux-x86_64-fedora-clang | 0.1.0 | 869.33 | ERROR | |||
r-devel-linux-x86_64-fedora-gcc | 0.1.0 | 857.41 | OK | |||
r-devel-windows-x86_64 | 0.1.0 | 21.00 | 455.00 | 476.00 | OK | |
r-release-macos-arm64 | 0.1.0 | 180.00 | OK | |||
r-release-macos-x86_64 | 0.1.0 | WARN | ||||
r-oldrel-macos-arm64 | 0.1.0 | 199.00 | OK | |||
r-oldrel-macos-x86_64 | 0.1.0 | OK |
Version: 0.1.0
Check: PDF version of manual
Result: WARN
LaTeX errors when creating PDF version.
This typically indicates Rd problems.
Flavor: r-devel-linux-x86_64-fedora-clang
Version: 0.1.0
Check: PDF version of manual without index
Result: ERROR
Re-running with no redirection of stdout/stderr.
Flavor: r-devel-linux-x86_64-fedora-clang
Version: 0.1.0
Check: for non-standard things in the check directory
Result: NOTE
Found the following files/directories:
‘QuAnTeTrack-manual.tex’
Flavor: r-devel-linux-x86_64-fedora-clang
Version: 0.1.0
Check: Rd files
Result: WARN
cannot open the connection
Error writing to connection: No space left on device
Error writing to connection: No space left on device
Warning in for (block in blocks) { : closing unused connection 4 ()
Warning in for (block in blocks) { : closing unused connection 3 ()
cannot open the connection
cannot open the connection
problems found in ‘combined_prob.Rd’, ‘plot_direction.Rd’, ‘plot_sim.Rd’, ‘plot_velocity.Rd’, ‘test_velocity.Rd’
Flavor: r-release-macos-x86_64