Last updated on 2025-10-30 05:51:19 CET.
| Flavor | Version | Tinstall | Tcheck | Ttotal | Status | Flags | 
|---|---|---|---|---|---|---|
| r-devel-linux-x86_64-debian-clang | 1.0.3 | 8.82 | 22.70 | 31.52 | NOTE | |
| r-devel-linux-x86_64-debian-gcc | 1.0.3 | 5.77 | 18.46 | 24.23 | NOTE | |
| r-devel-linux-x86_64-fedora-clang | 1.0.3 | 24.00 | 30.19 | 54.19 | NOTE | |
| r-devel-linux-x86_64-fedora-gcc | 1.0.3 | 20.00 | 27.06 | 47.06 | NOTE | |
| r-devel-windows-x86_64 | 1.0.3 | 11.00 | 57.00 | 68.00 | NOTE | |
| r-patched-linux-x86_64 | 1.0.3 | 8.18 | 21.81 | 29.99 | NOTE | |
| r-release-linux-x86_64 | 1.0.3 | 8.04 | 21.66 | 29.70 | NOTE | |
| r-release-macos-arm64 | 1.0.3 | 5.00 | 16.00 | 21.00 | NOTE | |
| r-release-macos-x86_64 | 1.0.3 | 7.00 | 24.00 | 31.00 | NOTE | |
| r-release-windows-x86_64 | 1.0.3 | 11.00 | 60.00 | 71.00 | NOTE | |
| r-oldrel-macos-arm64 | 1.0.3 | 6.00 | 15.00 | 21.00 | NOTE | |
| r-oldrel-macos-x86_64 | 1.0.3 | 11.00 | 29.00 | 40.00 | NOTE | |
| r-oldrel-windows-x86_64 | 1.0.3 | 14.00 | 71.00 | 85.00 | NOTE | 
Version: 1.0.3
Check: C++ specification
Result: NOTE
    Specified C++11: please drop specification unless essential
Flavors: r-devel-linux-x86_64-debian-clang, r-devel-linux-x86_64-debian-gcc, r-devel-linux-x86_64-fedora-clang, r-devel-linux-x86_64-fedora-gcc, r-devel-windows-x86_64, r-patched-linux-x86_64, r-release-linux-x86_64, r-release-macos-arm64, r-release-macos-x86_64, r-release-windows-x86_64, r-oldrel-macos-arm64, r-oldrel-macos-x86_64, r-oldrel-windows-x86_64
Version: 1.0.3
Check: LazyData
Result: NOTE
    'LazyData' is specified without a 'data' directory
Flavors: r-oldrel-macos-arm64, r-oldrel-macos-x86_64, r-oldrel-windows-x86_64