Last updated on 2025-10-29 05:50:19 CET.
| Flavor | Version | Tinstall | Tcheck | Ttotal | Status | Flags | 
|---|---|---|---|---|---|---|
| r-devel-linux-x86_64-debian-clang | 1.2 | 3.44 | 38.46 | 41.90 | NOTE | |
| r-devel-linux-x86_64-debian-gcc | 1.2 | 2.16 | 28.57 | 30.73 | NOTE | |
| r-devel-linux-x86_64-fedora-clang | 1.2 | 62.51 | OK | |||
| r-devel-linux-x86_64-fedora-gcc | 1.2 | 58.64 | OK | |||
| r-devel-windows-x86_64 | 1.2 | 4.00 | 87.00 | 91.00 | OK | |
| r-patched-linux-x86_64 | 1.2 | 3.57 | 35.50 | 39.07 | OK | |
| r-release-linux-x86_64 | 1.2 | 3.15 | 35.63 | 38.78 | OK | |
| r-release-macos-arm64 | 1.2 | 2.00 | 20.00 | 22.00 | OK | |
| r-release-macos-x86_64 | 1.2 | 4.00 | 48.00 | 52.00 | OK | |
| r-release-windows-x86_64 | 1.2 | 4.00 | 88.00 | 92.00 | OK | |
| r-oldrel-macos-arm64 | 1.2 | 1.00 | 20.00 | 21.00 | OK | |
| r-oldrel-macos-x86_64 | 1.2 | 3.00 | 36.00 | 39.00 | OK | |
| r-oldrel-windows-x86_64 | 1.2 | 5.00 | 103.00 | 108.00 | OK | 
Version: 1.2
Check: CRAN incoming feasibility
Result: NOTE
  Maintainer: ‘Thuc Duy Le <Thuc.Le@unisa.edu.au>’
  
  No Authors@R field in DESCRIPTION.
  Please add one, modifying
    Authors@R: c(person(given = c("Thuc", "Duy"),
                        family = "Le",
                        role = c("aut", "cre"),
                        email = "thuc.le@unisa.edu.au"),
                 person(given = "Tao",
                        family = "Hoang",
                        role = "aut"),
                 person(given = "Shu",
                        family = "Hu",
                        role = "aut"),
                 person(given = "Liang",
                        family = "Zhang",
                        role = "aut"))
  as necessary.
  
  Package CITATION file contains call(s) to old-style personList() or
  as.personList().  Please use c() on person objects instead.
  Package CITATION file contains call(s) to old-style citEntry().  Please
  use bibentry() instead.
Flavors: r-devel-linux-x86_64-debian-clang, r-devel-linux-x86_64-debian-gcc