Last updated on 2025-05-22 05:51:10 CEST.
Flavor | Version | Tinstall | Tcheck | Ttotal | Status | Flags |
---|---|---|---|---|---|---|
r-devel-linux-x86_64-debian-clang | 1.6.6 | 134.45 | 513.21 | 647.66 | OK | |
r-devel-linux-x86_64-debian-gcc | 1.6.6 | 93.62 | 359.96 | 453.58 | OK | |
r-devel-linux-x86_64-fedora-clang | 1.6.6 | 1073.16 | ERROR | |||
r-devel-linux-x86_64-fedora-gcc | 1.6.6 | 1099.19 | OK | |||
r-devel-windows-x86_64 | 1.6.6 | 149.00 | 472.00 | 621.00 | OK | |
r-patched-linux-x86_64 | 1.6.6 | 143.92 | 478.95 | 622.87 | OK | |
r-release-linux-x86_64 | 1.6.6 | 140.40 | 485.51 | 625.91 | OK | |
r-release-macos-arm64 | 1.6.6 | 265.00 | OK | |||
r-release-macos-x86_64 | 1.6.6 | 292.00 | OK | |||
r-release-windows-x86_64 | 1.6.6 | 150.00 | 463.00 | 613.00 | OK | |
r-oldrel-macos-arm64 | 1.6.6 | 208.00 | NOTE | |||
r-oldrel-macos-x86_64 | 1.6.6 | 323.00 | NOTE | |||
r-oldrel-windows-x86_64 | 1.6.6 | 173.00 | 612.00 | 785.00 | OK |
Version: 1.6.6
Check: PDF version of manual
Result: WARN
LaTeX errors when creating PDF version.
This typically indicates Rd problems.
Flavor: r-devel-linux-x86_64-fedora-clang
Version: 1.6.6
Check: PDF version of manual without index
Result: ERROR
Re-running with no redirection of stdout/stderr.
Flavor: r-devel-linux-x86_64-fedora-clang
Version: 1.6.6
Check: for non-standard things in the check directory
Result: NOTE
Found the following files/directories:
‘PRECAST-manual.tex’
Flavor: r-devel-linux-x86_64-fedora-clang
Version: 1.6.6
Check: installed package size
Result: NOTE
installed size is 11.7Mb
sub-directories of 1Mb or more:
data 2.2Mb
libs 8.7Mb
Flavors: r-oldrel-macos-arm64, r-oldrel-macos-x86_64