Last updated on 2025-05-22 05:51:09 CEST.
Flavor | Version | Tinstall | Tcheck | Ttotal | Status | Flags |
---|---|---|---|---|---|---|
r-devel-linux-x86_64-debian-clang | 1.0.0 | 7.72 | 71.40 | 79.12 | OK | |
r-devel-linux-x86_64-debian-gcc | 1.0.0 | 5.24 | 53.15 | 58.39 | OK | |
r-devel-linux-x86_64-fedora-clang | 1.0.0 | 132.49 | OK | |||
r-devel-linux-x86_64-fedora-gcc | 1.0.0 | 118.09 | OK | |||
r-devel-windows-x86_64 | 1.0.0 | 8.00 | 107.00 | 115.00 | OK | |
r-patched-linux-x86_64 | 1.0.0 | 7.00 | 69.09 | 76.09 | OK | |
r-release-linux-x86_64 | 1.0.0 | 7.10 | 69.15 | 76.25 | OK | |
r-release-macos-arm64 | 1.0.0 | 58.00 | OK | |||
r-release-macos-x86_64 | 1.0.0 | 94.00 | OK | |||
r-release-windows-x86_64 | 1.0.0 | 9.00 | 119.00 | 128.00 | OK | |
r-oldrel-macos-arm64 | 1.0.0 | 39.00 | NOTE | |||
r-oldrel-macos-x86_64 | 1.0.0 | 55.00 | NOTE | |||
r-oldrel-windows-x86_64 | 1.0.0 | 11.00 | 100.00 | 111.00 | NOTE |
Version: 1.0.0
Check: LazyData
Result: NOTE
'LazyData' is specified without a 'data' directory
Flavors: r-oldrel-macos-arm64, r-oldrel-macos-x86_64, r-oldrel-windows-x86_64