Last updated on 2025-05-22 05:51:09 CEST.
Flavor | Version | Tinstall | Tcheck | Ttotal | Status | Flags |
---|---|---|---|---|---|---|
r-devel-linux-x86_64-debian-clang | 1.0.0 | 2.81 | 30.30 | 33.11 | OK | |
r-devel-linux-x86_64-debian-gcc | 1.0.0 | 2.42 | 23.08 | 25.50 | OK | |
r-devel-linux-x86_64-fedora-clang | 1.0.0 | 53.07 | OK | |||
r-devel-linux-x86_64-fedora-gcc | 1.0.0 | 50.66 | OK | |||
r-devel-windows-x86_64 | 1.0.0 | 5.00 | 75.00 | 80.00 | OK | |
r-patched-linux-x86_64 | 1.0.0 | 3.56 | 28.47 | 32.03 | OK | |
r-release-linux-x86_64 | 1.0.0 | 3.24 | 29.08 | 32.32 | OK | |
r-release-macos-arm64 | 1.0.0 | 24.00 | OK | |||
r-release-macos-x86_64 | 1.0.0 | 37.00 | OK | |||
r-release-windows-x86_64 | 1.0.0 | 5.00 | 93.00 | 98.00 | OK | |
r-oldrel-macos-arm64 | 1.0.0 | 22.00 | NOTE | |||
r-oldrel-macos-x86_64 | 1.0.0 | 30.00 | NOTE | |||
r-oldrel-windows-x86_64 | 1.0.0 | 5.00 | 60.00 | 65.00 | NOTE |
Version: 1.0.0
Check: LazyData
Result: NOTE
'LazyData' is specified without a 'data' directory
Flavors: r-oldrel-macos-arm64, r-oldrel-macos-x86_64, r-oldrel-windows-x86_64