Last updated on 2025-10-29 05:50:17 CET.
| Flavor | Version | Tinstall | Tcheck | Ttotal | Status | Flags | 
|---|---|---|---|---|---|---|
| r-devel-linux-x86_64-debian-clang | 1.0 | 29.67 | 84.64 | 114.31 | NOTE | |
| r-devel-linux-x86_64-debian-gcc | 1.0 | 18.43 | 62.79 | 81.22 | NOTE | |
| r-devel-linux-x86_64-fedora-clang | 1.0 | 73.00 | 113.30 | 186.30 | NOTE | |
| r-devel-linux-x86_64-fedora-gcc | 1.0 | 63.00 | 112.51 | 175.51 | NOTE | |
| r-devel-windows-x86_64 | 1.0 | 35.00 | 107.00 | 142.00 | OK | |
| r-patched-linux-x86_64 | 1.0 | 30.74 | 80.37 | 111.11 | OK | |
| r-release-linux-x86_64 | 1.0 | 28.84 | 81.46 | 110.30 | OK | |
| r-release-macos-arm64 | 1.0 | 12.00 | 38.00 | 50.00 | OK | |
| r-release-macos-x86_64 | 1.0 | 21.00 | 72.00 | 93.00 | OK | |
| r-release-windows-x86_64 | 1.0 | 33.00 | 108.00 | 141.00 | OK | |
| r-oldrel-macos-arm64 | 1.0 | 12.00 | 38.00 | 50.00 | OK | |
| r-oldrel-macos-x86_64 | 1.0 | 16.00 | 55.00 | 71.00 | OK | |
| r-oldrel-windows-x86_64 | 1.0 | 43.00 | 134.00 | 177.00 | OK | 
Version: 1.0
Check: CRAN incoming feasibility
Result: NOTE
  Maintainer: ‘Chong Wu <wuxx0845@umn.edu>’
  
  No Authors@R field in DESCRIPTION.
  Please add one, modifying
    Authors@R: c(person(given = "Chong",
                        family = "Wu",
                        role = c("aut", "cre"),
                        email = "wuxx0845@umn.edu"),
                 person(given = "Wei",
                        family = "Pan",
                        role = "aut"))
  as necessary.
Flavors: r-devel-linux-x86_64-debian-clang, r-devel-linux-x86_64-debian-gcc
Version: 1.0
Check: compiled code
Result: NOTE
  File ‘MiSPU/libs/MiSPU.so’:
    Found no calls to: ‘R_registerRoutines’, ‘R_useDynamicSymbols’
  
  It is good practice to register native routines and to disable symbol
  search.
  
  See ‘Writing portable packages’ in the ‘Writing R Extensions’ manual.
Flavors: r-devel-linux-x86_64-fedora-clang, r-devel-linux-x86_64-fedora-gcc