CRAN Package Check Results for Package Mangrove

Last updated on 2025-05-22 05:51:06 CEST.

Flavor Version Tinstall Tcheck Ttotal Status Flags
r-devel-linux-x86_64-debian-clang 1.21 3.54 46.96 50.50 NOTE
r-devel-linux-x86_64-debian-gcc 1.21 2.64 34.57 37.21 NOTE
r-devel-linux-x86_64-fedora-clang 1.21 79.26 NOTE
r-devel-linux-x86_64-fedora-gcc 1.21 92.14 NOTE
r-devel-windows-x86_64 1.21 6.00 96.00 102.00 NOTE
r-patched-linux-x86_64 1.21 3.91 44.92 48.83 NOTE
r-release-linux-x86_64 1.21 3.63 44.82 48.45 NOTE
r-release-macos-arm64 1.21 35.00 NOTE
r-release-macos-x86_64 1.21 62.00 NOTE
r-release-windows-x86_64 1.21 4.00 125.00 129.00 NOTE
r-oldrel-macos-arm64 1.21 31.00 NOTE
r-oldrel-macos-x86_64 1.21 65.00 NOTE
r-oldrel-windows-x86_64 1.21 5.00 83.00 88.00 NOTE

Check Details

Version: 1.21
Check: CRAN incoming feasibility
Result: NOTE Maintainer: ‘Luke Jostins <luke.jostins@kennedy.ox.ac.uk>’ No Authors@R field in DESCRIPTION. Please add one, modifying Authors@R: person(given = "Luke", family = "Jostins", role = c("aut", "cre"), email = "luke.jostins@kennedy.ox.ac.uk") as necessary. Flavors: r-devel-linux-x86_64-debian-clang, r-devel-linux-x86_64-debian-gcc

Version: 1.21
Check: Rd files
Result: NOTE checkRd: (-1) MangroveTree.Rd:37: Lost braces 37 | An object of class \\code{\link[Mangrove]{MangrovePed}} | ^ Flavors: r-devel-linux-x86_64-debian-clang, r-devel-linux-x86_64-debian-gcc, r-devel-linux-x86_64-fedora-clang, r-devel-linux-x86_64-fedora-gcc, r-devel-windows-x86_64, r-patched-linux-x86_64, r-release-linux-x86_64, r-release-macos-arm64, r-release-macos-x86_64, r-release-windows-x86_64, r-oldrel-macos-arm64, r-oldrel-macos-x86_64, r-oldrel-windows-x86_64