Last updated on 2025-05-22 05:51:07 CEST.
Flavor | Version | Tinstall | Tcheck | Ttotal | Status | Flags |
---|---|---|---|---|---|---|
r-devel-linux-x86_64-debian-clang | 1.0.2 | 3.11 | 48.83 | 51.94 | OK | |
r-devel-linux-x86_64-debian-gcc | 1.0.2 | 2.69 | 38.47 | 41.16 | OK | |
r-devel-linux-x86_64-fedora-clang | 1.0.2 | 79.63 | OK | |||
r-devel-linux-x86_64-fedora-gcc | 1.0.2 | 79.70 | OK | |||
r-devel-windows-x86_64 | 1.0.2 | 5.00 | 89.00 | 94.00 | OK | |
r-patched-linux-x86_64 | 1.0.2 | 4.31 | 47.44 | 51.75 | OK | |
r-release-linux-x86_64 | 1.0.2 | 3.66 | 48.48 | 52.14 | OK | |
r-release-macos-arm64 | 1.0.2 | 33.00 | OK | |||
r-release-macos-x86_64 | 1.0.2 | 56.00 | OK | |||
r-release-windows-x86_64 | 1.0.2 | 5.00 | 114.00 | 119.00 | OK | |
r-oldrel-macos-arm64 | 1.0.2 | 30.00 | NOTE | |||
r-oldrel-macos-x86_64 | 1.0.2 | 43.00 | NOTE | |||
r-oldrel-windows-x86_64 | 1.0.2 | 6.00 | 82.00 | 88.00 | NOTE |
Version: 1.0.2
Check: LazyData
Result: NOTE
'LazyData' is specified without a 'data' directory
Flavors: r-oldrel-macos-arm64, r-oldrel-macos-x86_64, r-oldrel-windows-x86_64