Last updated on 2025-05-22 05:51:05 CEST.
Flavor | Version | Tinstall | Tcheck | Ttotal | Status | Flags |
---|---|---|---|---|---|---|
r-devel-linux-x86_64-debian-clang | 1.0 | 5.60 | 63.58 | 69.18 | NOTE | |
r-devel-linux-x86_64-debian-gcc | 1.0 | 5.30 | 47.66 | 52.96 | NOTE | |
r-devel-linux-x86_64-fedora-clang | 1.0 | 114.12 | OK | |||
r-devel-linux-x86_64-fedora-gcc | 1.0 | 105.88 | OK | |||
r-devel-windows-x86_64 | 1.0 | 8.00 | 109.00 | 117.00 | OK | |
r-patched-linux-x86_64 | 1.0 | 7.82 | 62.00 | 69.82 | OK | |
r-release-linux-x86_64 | 1.0 | 5.56 | 62.72 | 68.28 | OK | |
r-release-macos-arm64 | 1.0 | 36.00 | OK | |||
r-release-macos-x86_64 | 1.0 | 103.00 | OK | |||
r-release-windows-x86_64 | 1.0 | 9.00 | 107.00 | 116.00 | OK | |
r-oldrel-macos-arm64 | 1.0 | 39.00 | OK | |||
r-oldrel-macos-x86_64 | 1.0 | 51.00 | OK | |||
r-oldrel-windows-x86_64 | 1.0 | 10.00 | 93.00 | 103.00 | OK |
Version: 1.0
Check: CRAN incoming feasibility
Result: NOTE
Maintainer: ‘Ksenia N. Kyzyurova <ksenia.kyzyurova@gmail.com>’
No Authors@R field in DESCRIPTION.
Please add one, modifying
Authors@R: c(person(given = c("Ksenia", "N."),
family = "Kyzyurova",
role = c("aut", "cre"),
email = "ksenia.kyzyurova@gmail.com"),
person(family = "kseniak.ucoz.net",
role = "aut"))
as necessary.
Flavors: r-devel-linux-x86_64-debian-clang, r-devel-linux-x86_64-debian-gcc