CRAN Package Check Results for Package LearningStats

Last updated on 2025-05-22 05:51:05 CEST.

Flavor Version Tinstall Tcheck Ttotal Status Flags
r-devel-linux-x86_64-debian-clang 0.1.0 11.69 52.05 63.74 NOTE
r-devel-linux-x86_64-debian-gcc 0.1.0 8.11 34.01 42.12 NOTE
r-devel-linux-x86_64-fedora-clang 0.1.0 98.23 NOTE
r-devel-linux-x86_64-fedora-gcc 0.1.0 92.51 NOTE
r-devel-windows-x86_64 0.1.0 11.00 90.00 101.00 NOTE
r-patched-linux-x86_64 0.1.0 10.94 48.15 59.09 NOTE
r-release-linux-x86_64 0.1.0 10.12 48.03 58.15 NOTE
r-release-macos-arm64 0.1.0 27.00 NOTE
r-release-macos-x86_64 0.1.0 50.00 NOTE
r-release-windows-x86_64 0.1.0 11.00 119.00 130.00 NOTE
r-oldrel-macos-arm64 0.1.0 28.00 NOTE
r-oldrel-macos-x86_64 0.1.0 40.00 NOTE
r-oldrel-windows-x86_64 0.1.0 16.00 81.00 97.00 NOTE

Check Details

Version: 0.1.0
Check: Rd files
Result: NOTE checkRd: (-1) S2mu.Rd:18: Lost braces; missing escapes or markup? 18 | \code{S2mu} computes a estimation of the variance, given a sample {x} with known population mean (denoted by \code{mu}). | ^ checkRd: (-1) sample.quantile.Rd:20: Lost braces; missing escapes or markup? 20 | \code{sample.quantile} computes a estimation of different quantiles, given a sample {x}, using order statistics. | ^ Flavors: r-devel-linux-x86_64-debian-clang, r-devel-linux-x86_64-debian-gcc, r-devel-linux-x86_64-fedora-clang, r-devel-linux-x86_64-fedora-gcc, r-devel-windows-x86_64, r-patched-linux-x86_64, r-release-linux-x86_64, r-release-macos-arm64, r-release-macos-x86_64, r-release-windows-x86_64, r-oldrel-macos-arm64, r-oldrel-macos-x86_64, r-oldrel-windows-x86_64