CRAN Package Check Results for Package KFPLS

Last updated on 2025-05-22 05:51:05 CEST.

Flavor Version Tinstall Tcheck Ttotal Status Flags
r-devel-linux-x86_64-debian-clang 1.0 2.09 24.02 26.11 OK
r-devel-linux-x86_64-debian-gcc 1.0 1.70 18.92 20.62 OK
r-devel-linux-x86_64-fedora-clang 1.0 41.18 NOTE
r-devel-linux-x86_64-fedora-gcc 1.0 39.57 NOTE
r-devel-windows-x86_64 1.0 3.00 63.00 66.00 OK
r-patched-linux-x86_64 1.0 2.11 23.27 25.38 OK
r-release-linux-x86_64 1.0 1.92 23.77 25.69 OK
r-release-macos-arm64 1.0 19.00 OK
r-release-macos-x86_64 1.0 29.00 OK
r-release-windows-x86_64 1.0 3.00 70.00 73.00 OK
r-oldrel-macos-arm64 1.0 18.00 OK
r-oldrel-macos-x86_64 1.0 35.00 OK
r-oldrel-windows-x86_64 1.0 4.00 48.00 52.00 OK

Check Details

Version: 1.0
Check: dependencies in R code
Result: NOTE Namespace in Imports field not imported from: ‘splines’ All declared Imports should be used. Flavors: r-devel-linux-x86_64-fedora-clang, r-devel-linux-x86_64-fedora-gcc