Last updated on 2025-05-22 05:51:03 CEST.
Flavor | Version | Tinstall | Tcheck | Ttotal | Status | Flags |
---|---|---|---|---|---|---|
r-devel-linux-x86_64-debian-clang | 1.0.0 | 16.73 | 164.80 | 181.53 | NOTE | |
r-devel-linux-x86_64-debian-gcc | 1.0.0 | 12.18 | 114.27 | 126.45 | NOTE | |
r-devel-linux-x86_64-fedora-clang | 1.0.0 | 282.87 | NOTE | |||
r-devel-linux-x86_64-fedora-gcc | 1.0.0 | 278.94 | NOTE | |||
r-devel-windows-x86_64 | 1.0.0 | 22.00 | 152.00 | 174.00 | NOTE | |
r-patched-linux-x86_64 | 1.0.0 | 16.88 | 149.73 | 166.61 | NOTE | |
r-release-linux-x86_64 | 1.0.0 | 18.37 | 148.33 | 166.70 | NOTE | |
r-release-macos-arm64 | 1.0.0 | 78.00 | NOTE | |||
r-release-macos-x86_64 | 1.0.0 | 175.00 | NOTE | |||
r-release-windows-x86_64 | 1.0.0 | 18.00 | 152.00 | 170.00 | NOTE | |
r-oldrel-macos-arm64 | 1.0.0 | 75.00 | NOTE | |||
r-oldrel-macos-x86_64 | 1.0.0 | 142.00 | NOTE | |||
r-oldrel-windows-x86_64 | 1.0.0 | 26.00 | 199.00 | 225.00 | NOTE |
Version: 1.0.0
Check: Rd files
Result: NOTE
checkRd: (-1) runGRM.Rd:24: Lost braces
24 | from \code{\link{mirt}} or code{\linkS4class{lavaan}} from from
| ^
Flavors: r-devel-linux-x86_64-debian-clang, r-devel-linux-x86_64-debian-gcc, r-devel-linux-x86_64-fedora-clang, r-devel-linux-x86_64-fedora-gcc, r-devel-windows-x86_64, r-patched-linux-x86_64, r-release-linux-x86_64, r-release-macos-arm64, r-release-macos-x86_64, r-release-windows-x86_64, r-oldrel-macos-arm64, r-oldrel-macos-x86_64, r-oldrel-windows-x86_64
Version: 1.0.0
Check: Rd cross-references
Result: NOTE
Found the following Rd file(s) with Rd \link{} targets missing package
anchors:
ESplot.Rd: scale_color_viridis_d, ggplot
FSplot.Rd: ggplot
ICCplot.Rd: scale_color_viridis_d, ggplot
genLavSyn.Rd: lavaan
infoPlot.Rd: scale_color_viridis_d, ggplot
runGRM.Rd: lavaan, SingleGroupClass-class, mirt, lavaan-class
Please provide package anchors for all Rd \link{} targets not in the
package itself and the base packages.
Flavors: r-devel-linux-x86_64-debian-clang, r-devel-linux-x86_64-debian-gcc, r-devel-windows-x86_64, r-patched-linux-x86_64, r-release-linux-x86_64, r-release-windows-x86_64