CRAN Package Check Results for Package GLDEX

Last updated on 2025-05-22 05:51:03 CEST.

Flavor Version Tinstall Tcheck Ttotal Status Flags
r-devel-linux-x86_64-debian-clang 2.0.0.9.3 10.00 55.68 65.68 NOTE
r-devel-linux-x86_64-debian-gcc 2.0.0.9.3 7.00 39.22 46.22 NOTE
r-devel-linux-x86_64-fedora-clang 2.0.0.9.3 102.63 OK
r-devel-linux-x86_64-fedora-gcc 2.0.0.9.3 97.89 OK
r-devel-windows-x86_64 2.0.0.9.3 14.00 135.00 149.00 NOTE
r-patched-linux-x86_64 2.0.0.9.3 11.20 52.50 63.70 NOTE
r-release-linux-x86_64 2.0.0.9.3 9.15 52.90 62.05 NOTE
r-release-macos-arm64 2.0.0.9.3 32.00 OK
r-release-macos-x86_64 2.0.0.9.3 67.00 OK
r-release-windows-x86_64 2.0.0.9.3 15.00 167.00 182.00 NOTE
r-oldrel-macos-arm64 2.0.0.9.3 30.00 OK
r-oldrel-macos-x86_64 2.0.0.9.3 47.00 OK
r-oldrel-windows-x86_64 2.0.0.9.3 12.00 103.00 115.00 OK

Check Details

Version: 2.0.0.9.3
Check: Rd cross-references
Result: NOTE Found the following Rd file(s) with Rd \link{} targets missing package anchors: fun.class.regime.bi.Rd: pam, fanny Please provide package anchors for all Rd \link{} targets not in the package itself and the base packages. Flavors: r-devel-linux-x86_64-debian-clang, r-devel-linux-x86_64-debian-gcc, r-devel-windows-x86_64, r-patched-linux-x86_64, r-release-linux-x86_64, r-release-windows-x86_64