Last updated on 2025-05-22 05:51:01 CEST.
Flavor | Version | Tinstall | Tcheck | Ttotal | Status | Flags |
---|---|---|---|---|---|---|
r-devel-linux-x86_64-debian-clang | 0.0.3 | 8.25 | 61.48 | 69.73 | NOTE | |
r-devel-linux-x86_64-debian-gcc | 0.0.3 | 5.81 | 46.69 | 52.50 | NOTE | |
r-devel-linux-x86_64-fedora-clang | 0.0.3 | 108.98 | OK | |||
r-devel-linux-x86_64-fedora-gcc | 0.0.3 | 106.75 | OK | |||
r-devel-windows-x86_64 | 0.0.3 | 8.00 | 93.00 | 101.00 | NOTE | |
r-patched-linux-x86_64 | 0.0.3 | 8.00 | 60.54 | 68.54 | NOTE | |
r-release-linux-x86_64 | 0.0.3 | 6.98 | 59.87 | 66.85 | NOTE | |
r-release-macos-arm64 | 0.0.3 | 36.00 | OK | |||
r-release-macos-x86_64 | 0.0.3 | 60.00 | OK | |||
r-release-windows-x86_64 | 0.0.3 | 10.00 | 105.00 | 115.00 | NOTE | |
r-oldrel-macos-arm64 | 0.0.3 | 34.00 | OK | |||
r-oldrel-macos-x86_64 | 0.0.3 | 48.00 | OK | |||
r-oldrel-windows-x86_64 | 0.0.3 | 11.00 | 92.00 | 103.00 | OK |
Version: 0.0.3
Check: Rd cross-references
Result: NOTE
Found the following Rd file(s) with Rd \link{} targets missing package
anchors:
addPredictions.Rd: crosspred
metaFluMoDL.Rd: mvmeta
Please provide package anchors for all Rd \link{} targets not in the
package itself and the base packages.
Flavors: r-devel-linux-x86_64-debian-clang, r-devel-linux-x86_64-debian-gcc, r-devel-windows-x86_64, r-patched-linux-x86_64, r-release-linux-x86_64, r-release-windows-x86_64