Last updated on 2025-05-22 05:51:01 CEST.
Flavor | Version | Tinstall | Tcheck | Ttotal | Status | Flags |
---|---|---|---|---|---|---|
r-devel-linux-x86_64-debian-clang | 0.7.2 | 8.97 | 63.76 | 72.73 | OK | |
r-devel-linux-x86_64-debian-gcc | 0.7.2 | 5.13 | 47.15 | 52.28 | OK | |
r-devel-linux-x86_64-fedora-clang | 0.7.2 | 111.91 | OK | |||
r-devel-linux-x86_64-fedora-gcc | 0.7.2 | 109.30 | OK | |||
r-devel-windows-x86_64 | 0.7.2 | 9.00 | 89.00 | 98.00 | OK | |
r-patched-linux-x86_64 | 0.7.2 | 7.03 | 61.37 | 68.40 | OK | |
r-release-linux-x86_64 | 0.7.2 | 7.82 | 61.25 | 69.07 | OK | |
r-release-macos-arm64 | 0.7.2 | 39.00 | OK | |||
r-release-macos-x86_64 | 0.7.2 | 66.00 | OK | |||
r-release-windows-x86_64 | 0.7.2 | 9.00 | 111.00 | 120.00 | OK | |
r-oldrel-macos-arm64 | 0.7.2 | 35.00 | NOTE | |||
r-oldrel-macos-x86_64 | 0.7.2 | 50.00 | NOTE | |||
r-oldrel-windows-x86_64 | 0.7.2 | 11.00 | 89.00 | 100.00 | NOTE |
Version: 0.7.2
Check: LazyData
Result: NOTE
'LazyData' is specified without a 'data' directory
Flavors: r-oldrel-macos-arm64, r-oldrel-macos-x86_64, r-oldrel-windows-x86_64