Last updated on 2025-05-22 05:51:01 CEST.
Flavor | Version | Tinstall | Tcheck | Ttotal | Status | Flags |
---|---|---|---|---|---|---|
r-devel-linux-x86_64-debian-clang | 0.1.1 | 20.58 | 23.08 | 43.66 | NOTE | |
r-devel-linux-x86_64-debian-gcc | 0.1.1 | 12.23 | 18.52 | 30.75 | NOTE | |
r-devel-linux-x86_64-fedora-clang | 0.1.1 | 77.99 | NOTE | |||
r-devel-linux-x86_64-fedora-gcc | 0.1.1 | 73.46 | NOTE | |||
r-devel-windows-x86_64 | 0.1.1 | 24.00 | 94.00 | 118.00 | OK | |
r-patched-linux-x86_64 | 0.1.1 | 19.34 | 22.13 | 41.47 | OK | |
r-release-linux-x86_64 | 0.1.1 | 18.08 | 21.90 | 39.98 | OK | |
r-release-macos-arm64 | 0.1.1 | 26.00 | OK | |||
r-release-macos-x86_64 | 0.1.1 | 38.00 | OK | |||
r-release-windows-x86_64 | 0.1.1 | 25.00 | 113.00 | 138.00 | OK | |
r-oldrel-macos-arm64 | 0.1.1 | 25.00 | NOTE | |||
r-oldrel-macos-x86_64 | 0.1.1 | 37.00 | NOTE | |||
r-oldrel-windows-x86_64 | 0.1.1 | 28.00 | 78.00 | 106.00 | NOTE |
Version: 0.1.1
Check: CRAN incoming feasibility
Result: NOTE
Maintainer: ‘Aaron Molstad <molst029@umn.edu>’
No Authors@R field in DESCRIPTION.
Please add one, modifying
Authors@R: person(given = "Aaron",
family = "Molstad",
role = c("aut", "cre"),
email = "molst029@umn.edu")
as necessary.
Flavors: r-devel-linux-x86_64-debian-clang, r-devel-linux-x86_64-debian-gcc
Version: 0.1.1
Check: compiled code
Result: NOTE
File ‘FastBandChol/libs/FastBandChol.so’:
Found no calls to: ‘R_registerRoutines’, ‘R_useDynamicSymbols’
It is good practice to register native routines and to disable symbol
search.
See ‘Writing portable packages’ in the ‘Writing R Extensions’ manual.
Flavors: r-devel-linux-x86_64-fedora-clang, r-devel-linux-x86_64-fedora-gcc
Version: 0.1.1
Check: LazyData
Result: NOTE
'LazyData' is specified without a 'data' directory
Flavors: r-oldrel-macos-arm64, r-oldrel-macos-x86_64, r-oldrel-windows-x86_64