Last updated on 2025-05-22 05:51:02 CEST.
Flavor | Version | Tinstall | Tcheck | Ttotal | Status | Flags |
---|---|---|---|---|---|---|
r-devel-linux-x86_64-debian-clang | 1.0.0 | 12.28 | 201.26 | 213.54 | NOTE | |
r-devel-linux-x86_64-debian-gcc | 1.0.0 | 8.74 | 128.51 | 137.25 | NOTE | |
r-devel-linux-x86_64-fedora-clang | 1.0.0 | 339.06 | NOTE | |||
r-devel-linux-x86_64-fedora-gcc | 1.0.0 | 343.78 | NOTE | |||
r-devel-windows-x86_64 | 1.0.0 | 13.00 | 787.00 | 800.00 | NOTE | |
r-patched-linux-x86_64 | 1.0.0 | 10.41 | 182.06 | 192.47 | NOTE | |
r-release-linux-x86_64 | 1.0.0 | 11.79 | 177.82 | 189.61 | NOTE | |
r-release-macos-arm64 | 1.0.0 | 99.00 | NOTE | |||
r-release-macos-x86_64 | 1.0.0 | 181.00 | NOTE | |||
r-release-windows-x86_64 | 1.0.0 | 13.00 | 154.00 | 167.00 | NOTE | |
r-oldrel-macos-arm64 | 1.0.0 | 71.00 | OK | |||
r-oldrel-macos-x86_64 | 1.0.0 | 118.00 | OK | |||
r-oldrel-windows-x86_64 | 1.0.0 | 17.00 | 741.00 | 758.00 | OK |
Version: 1.0.0
Check: DESCRIPTION meta-information
Result: NOTE
Missing dependency on R >= 4.1.0 because package code uses the pipe
|> or function shorthand \(...) syntax added in R 4.1.0.
File(s) using such syntax:
‘utility_fSACF.R’
Flavors: r-devel-linux-x86_64-debian-clang, r-devel-linux-x86_64-debian-gcc, r-devel-linux-x86_64-fedora-clang, r-devel-linux-x86_64-fedora-gcc, r-devel-windows-x86_64, r-patched-linux-x86_64, r-release-linux-x86_64, r-release-macos-arm64, r-release-macos-x86_64, r-release-windows-x86_64