Last updated on 2025-05-22 05:51:02 CEST.
Flavor | Version | Tinstall | Tcheck | Ttotal | Status | Flags |
---|---|---|---|---|---|---|
r-devel-linux-x86_64-debian-clang | 0.1 | 7.40 | 62.16 | 69.56 | NOTE | |
r-devel-linux-x86_64-debian-gcc | 0.1 | 5.67 | 47.27 | 52.94 | NOTE | |
r-devel-linux-x86_64-fedora-clang | 0.1 | 108.53 | OK | |||
r-devel-linux-x86_64-fedora-gcc | 0.1 | 103.96 | OK | |||
r-devel-windows-x86_64 | 0.1 | 8.00 | 87.00 | 95.00 | OK | |
r-patched-linux-x86_64 | 0.1 | 6.51 | 60.46 | 66.97 | OK | |
r-release-linux-x86_64 | 0.1 | 6.14 | 59.82 | 65.96 | OK | |
r-release-macos-arm64 | 0.1 | 37.00 | OK | |||
r-release-macos-x86_64 | 0.1 | 61.00 | OK | |||
r-release-windows-x86_64 | 0.1 | 8.00 | 99.00 | 107.00 | OK | |
r-oldrel-macos-arm64 | 0.1 | 34.00 | OK | |||
r-oldrel-macos-x86_64 | 0.1 | 53.00 | OK | |||
r-oldrel-windows-x86_64 | 0.1 | 10.00 | 86.00 | 96.00 | OK |
Version: 0.1
Check: CRAN incoming feasibility
Result: NOTE
Maintainer: ‘Zihuai He <zihuai@umich.edu>’
No Authors@R field in DESCRIPTION.
Please add one, modifying
Authors@R: person(given = "Zihuai",
family = "He",
role = c("aut", "cre"),
email = "zihuai@umich.edu")
as necessary.
Flavors: r-devel-linux-x86_64-debian-clang, r-devel-linux-x86_64-debian-gcc