Last updated on 2025-10-29 05:50:12 CET.
| Flavor | Version | Tinstall | Tcheck | Ttotal | Status | Flags | 
|---|---|---|---|---|---|---|
| r-devel-linux-x86_64-debian-clang | 2.3.1 | 141.13 | 531.86 | 672.99 | NOTE | |
| r-devel-linux-x86_64-debian-gcc | 2.3.1 | 120.91 | 399.28 | 520.19 | NOTE | |
| r-devel-linux-x86_64-fedora-clang | 2.3.1 | 268.00 | 11072.94 | 11340.94 | ERROR | |
| r-devel-linux-x86_64-fedora-gcc | 2.3.1 | 780.00 | 5326.46 | 6106.46 | ERROR | |
| r-devel-windows-x86_64 | 2.3.1 | 143.00 | 319.00 | 462.00 | OK | --no-vignettes | 
| r-patched-linux-x86_64 | 2.3.1 | 168.61 | 527.27 | 695.88 | NOTE | |
| r-release-linux-x86_64 | 2.3.1 | 166.74 | 526.94 | 693.68 | NOTE | |
| r-release-macos-arm64 | 2.3.1 | 64.00 | 246.00 | 310.00 | OK | |
| r-release-macos-x86_64 | 2.3.1 | 137.00 | 453.00 | 590.00 | OK | |
| r-release-windows-x86_64 | 2.3.1 | 140.00 | 316.00 | 456.00 | OK | --no-vignettes | 
| r-oldrel-macos-arm64 | 2.3.1 | 57.00 | 143.00 | 200.00 | NOTE | |
| r-oldrel-macos-x86_64 | 2.3.1 | 145.00 | 240.00 | 385.00 | NOTE | |
| r-oldrel-windows-x86_64 | 2.3.1 | 181.00 | 377.00 | 558.00 | NOTE | --no-vignettes | 
Version: 2.3.1
Check: for unstated dependencies in ‘demo’
Result: NOTE
  'library' or 'require' call not declared from: ‘gridExtra’
Flavors: r-devel-linux-x86_64-debian-clang, r-devel-linux-x86_64-debian-gcc, r-patched-linux-x86_64, r-release-linux-x86_64
Version: 2.3.1
Check: tests
Result: ERROR
    Running ‘testthat.R’ [90m/65m]
  Running the tests in ‘tests/testthat.R’ failed.
  Complete output:
    > ops <- options("crayon.enabled" = FALSE)
    > library(testthat)
    > require("covr")
    Loading required package: covr
    > 
    > test_check("FRK")
    Loading required package: FRK
    
    Attaching package: 'FRK'
    
    The following object is masked from 'package:stats':
    
        simulate
    
    NOTE: In FRK >2.0 simple_kriging_fixed = FALSE by default, and hence
          universal kriging is done by default. However this is only the case when
          method = 'TMB'. When method = 'EM', simple kriging is done, irrespective of
          what the argument simple_kriging_fixed is set to.
    
      |                                                                            
      |                                                                      |   0%OMP: Warning #96: Cannot form a team with 24 threads, using 2 instead.
    OMP: Hint Consider unsetting KMP_DEVICE_THREAD_LIMIT (KMP_ALL_THREADS), KMP_TEAMS_THREAD_LIMIT, and OMP_THREAD_LIMIT (if any are set).
    
      |                                                                            
      |=======================                                               |  33%
      |                                                                            
      |===============================================                       |  67%
      |                                                                            
      |======================================================================| 100%
    Maximum EM iterations reached
    Intercept 
     0.152395 
    Formula: z ~ 1 
    Assumed response distribution: gaussian 
    Specified link function: identity 
    Method of model fitting: EM 
    Number of datasets: 1 
    Number of basis functions: 18 
    Class of basis functions: Basis 
    Number of BAUs [extract using object@BAUs]:  138 
    Number of observations [extract using object@Z]:  50 
    Mean obs. variance at BAU level [extract using object@Ve]: 0.01 
    Fine-scale variance proportionality constant [extract using object@sigma2fshat]: 0.1172823 
    Dimensions of C in Z = C*Y + e [extract using object@Cmat]:  c(50L, 138L) 
    Dimensions of S in Y = X*alpha + S*eta + delta [extract using object@S]:  c(50L, 18L) 
    Number of covariates: 1 
    
    Formula: z ~ 1 
    Assumed response distribution: gaussian 
    Specified link function: identity 
    Method of model fitting: EM 
    Number of datasets: 1 
    Number of basis functions: 18 
    Class of basis functions: Basis 
    Number of BAUs [extract using object@BAUs]:  138 
    Number of observations [extract using object@Z]:  50 
    Mean obs. variance at BAU level [extract using object@Ve]: 0.01 
    Fine-scale variance proportionality constant [extract using object@sigma2fshat]: 0.1172823 
    Dimensions of C in Z = C*Y + e [extract using object@Cmat]:  c(50L, 138L) 
    Dimensions of S in Y = X*alpha + S*eta + delta [extract using object@S]:  c(50L, 18L) 
    Number of covariates: 1 
    
    NOTE: In FRK >2.0 simple_kriging_fixed = FALSE by default, and hence
          universal kriging is done by default. However this is only the case when
          method = 'TMB'. When method = 'EM', simple kriging is done, irrespective of
          what the argument simple_kriging_fixed is set to.
    
      |                                                                            
      |                                                                      |   0%
      |                                                                            
      |=======================                                               |  33%
      |                                                                            
      |===============================================                       |  67%
      |                                                                            
      |======================================================================| 100%
    Maximum EM iterations reached
    Averaging over polygons...
    NOTE: In FRK >2.0 simple_kriging_fixed = FALSE by default, and hence
          universal kriging is done by default. However this is only the case when
          method = 'TMB'. When method = 'EM', simple kriging is done, irrespective of
          what the argument simple_kriging_fixed is set to.
    
      |                                                                            
      |                                                                      |   0%
      |                                                                            
      |=======================                                               |  33%
      |                                                                            
      |===============================================                       |  67%
      |                                                                            
      |======================================================================| 100%
    Maximum EM iterations reached
    Averaging over polygons...
    NOTE: In FRK >2.0 simple_kriging_fixed = FALSE by default, and hence
          universal kriging is done by default. However this is only the case when
          method = 'TMB'. When method = 'EM', simple kriging is done, irrespective of
          what the argument simple_kriging_fixed is set to.
    
      |                                                                            
      |                                                                      |   0%
Flavor: r-devel-linux-x86_64-fedora-clang
Version: 2.3.1
Check: re-building of vignette outputs
Result: ERROR
  Error(s) in re-building vignettes:
  --- re-building ‘FRK_intro.Rnw’ using knitr
  OMP: Warning #96: Cannot form a team with 24 threads, using 2 instead.
  OMP: Hint Consider unsetting KMP_DEVICE_THREAD_LIMIT (KMP_ALL_THREADS), KMP_TEAMS_THREAD_LIMIT, and OMP_THREAD_LIMIT (if any are set).
  --- re-building ‘FRK_non-Gaussian.Rnw’ using knitr
  --- finished re-building ‘FRK_non-Gaussian.Rnw’
  
  SUMMARY: processing the following file failed:
    ‘FRK_intro.Rnw’
  
  Error: Vignette re-building failed.
  Execution halted
Flavor: r-devel-linux-x86_64-fedora-clang
Version: 2.3.1
Check: tests
Result: ERROR
    Running ‘testthat.R’ [89m/62m]
  Running the tests in ‘tests/testthat.R’ failed.
  Complete output:
    > ops <- options("crayon.enabled" = FALSE)
    > library(testthat)
    > require("covr")
    Loading required package: covr
    > 
    > test_check("FRK")
    Loading required package: FRK
    
    Attaching package: 'FRK'
    
    The following object is masked from 'package:stats':
    
        simulate
    
    NOTE: In FRK >2.0 simple_kriging_fixed = FALSE by default, and hence
          universal kriging is done by default. However this is only the case when
          method = 'TMB'. When method = 'EM', simple kriging is done, irrespective of
          what the argument simple_kriging_fixed is set to.
    
      |                                                                            
      |                                                                      |   0%
      |                                                                            
      |=======================                                               |  33%
      |                                                                            
      |===============================================                       |  67%
      |                                                                            
      |======================================================================| 100%
    Maximum EM iterations reached
    Intercept 
     0.152395 
    Formula: z ~ 1 
    Assumed response distribution: gaussian 
    Specified link function: identity 
    Method of model fitting: EM 
    Number of datasets: 1 
    Number of basis functions: 18 
    Class of basis functions: Basis 
    Number of BAUs [extract using object@BAUs]:  138 
    Number of observations [extract using object@Z]:  50 
    Mean obs. variance at BAU level [extract using object@Ve]: 0.01 
    Fine-scale variance proportionality constant [extract using object@sigma2fshat]: 0.1172823 
    Dimensions of C in Z = C*Y + e [extract using object@Cmat]:  c(50L, 138L) 
    Dimensions of S in Y = X*alpha + S*eta + delta [extract using object@S]:  c(50L, 18L) 
    Number of covariates: 1 
    
    Formula: z ~ 1 
    Assumed response distribution: gaussian 
    Specified link function: identity 
    Method of model fitting: EM 
    Number of datasets: 1 
    Number of basis functions: 18 
    Class of basis functions: Basis 
    Number of BAUs [extract using object@BAUs]:  138 
    Number of observations [extract using object@Z]:  50 
    Mean obs. variance at BAU level [extract using object@Ve]: 0.01 
    Fine-scale variance proportionality constant [extract using object@sigma2fshat]: 0.1172823 
    Dimensions of C in Z = C*Y + e [extract using object@Cmat]:  c(50L, 138L) 
    Dimensions of S in Y = X*alpha + S*eta + delta [extract using object@S]:  c(50L, 18L) 
    Number of covariates: 1 
    
    NOTE: In FRK >2.0 simple_kriging_fixed = FALSE by default, and hence
          universal kriging is done by default. However this is only the case when
          method = 'TMB'. When method = 'EM', simple kriging is done, irrespective of
          what the argument simple_kriging_fixed is set to.
    
      |                                                                            
      |                                                                      |   0%
      |                                                                            
      |=======================                                               |  33%
      |                                                                            
      |===============================================                       |  67%
      |                                                                            
      |======================================================================| 100%
    Maximum EM iterations reached
    Averaging over polygons...
    NOTE: In FRK >2.0 simple_kriging_fixed = FALSE by default, and hence
          universal kriging is done by default. However this is only the case when
          method = 'TMB'. When method = 'EM', simple kriging is done, irrespective of
          what the argument simple_kriging_fixed is set to.
    
      |                                                                            
      |                                                                      |   0%
      |                                                                            
      |=======================                                               |  33%
      |                                                                            
      |===============================================                       |  67%
      |                                                                            
      |======================================================================| 100%
    Maximum EM iterations reached
    Averaging over polygons...
    NOTE: In FRK >2.0 simple_kriging_fixed = FALSE by default, and hence
          universal kriging is done by default. However this is only the case when
          method = 'TMB'. When method = 'EM', simple kriging is done, irrespective of
          what the argument simple_kriging_fixed is set to.
    
      |                                                                            
      |                                                                      |   0%
Flavor: r-devel-linux-x86_64-fedora-gcc
Version: 2.3.1
Check: re-building of vignette outputs
Result: ERROR
  Error(s) in re-building vignettes:
  Warning: elapsed-time limit of 1 hours reached for sub-process
  --- re-building ‘FRK_intro.Rnw’ using knitr
  --- re-building ‘FRK_non-Gaussian.Rnw’ using knitr
  --- finished re-building ‘FRK_non-Gaussian.Rnw’
  
  SUMMARY: processing the following file failed:
    ‘FRK_intro.Rnw’
  
  Error: Vignette re-building failed.
  Execution halted
Flavor: r-devel-linux-x86_64-fedora-gcc
Version: 2.3.1
Check: package dependencies
Result: NOTE
  Package suggested but not available for checking: ‘dggrids’
Flavors: r-oldrel-macos-arm64, r-oldrel-macos-x86_64
Version: 2.3.1
Check: installed package size
Result: NOTE
    installed size is 105.4Mb
    sub-directories of 1Mb or more:
      data   5.0Mb
      doc    1.8Mb
      libs  97.5Mb
Flavors: r-oldrel-macos-arm64, r-oldrel-macos-x86_64
Version: 2.3.1
Flags: --no-vignettes
Check: package dependencies
Result: NOTE
  Package suggested but not available for checking: 'dggrids'
Flavor: r-oldrel-windows-x86_64
Version: 2.3.1
Flags: --no-vignettes
Check: installed package size
Result: NOTE
    installed size is 20.6Mb
    sub-directories of 1Mb or more:
      data   4.8Mb
      doc    1.8Mb
      libs  12.8Mb
Flavor: r-oldrel-windows-x86_64