Last updated on 2025-05-22 05:51:01 CEST.
Flavor | Version | Tinstall | Tcheck | Ttotal | Status | Flags |
---|---|---|---|---|---|---|
r-devel-linux-x86_64-debian-clang | 1.1 | 19.63 | 75.18 | 94.81 | OK | |
r-devel-linux-x86_64-debian-gcc | 1.1 | 12.41 | 53.28 | 65.69 | OK | |
r-devel-linux-x86_64-fedora-clang | 1.1 | 156.48 | OK | |||
r-devel-linux-x86_64-fedora-gcc | 1.1 | 178.85 | OK | |||
r-devel-windows-x86_64 | 1.1 | 24.00 | 120.00 | 144.00 | OK | |
r-patched-linux-x86_64 | 1.1 | 19.55 | 71.76 | 91.31 | OK | |
r-release-linux-x86_64 | 1.1 | 16.69 | 71.15 | 87.84 | OK | |
r-release-macos-arm64 | 1.1 | 62.00 | OK | |||
r-release-macos-x86_64 | 1.1 | 119.00 | OK | |||
r-release-windows-x86_64 | 1.1 | 24.00 | 122.00 | 146.00 | OK | |
r-oldrel-macos-arm64 | 1.1 | 53.00 | NOTE | |||
r-oldrel-macos-x86_64 | 1.1 | 141.00 | NOTE | |||
r-oldrel-windows-x86_64 | 1.1 | 28.00 | 142.00 | 170.00 | NOTE |
Version: 1.1
Check: installed package size
Result: NOTE
installed size is 5.6Mb
sub-directories of 1Mb or more:
data 4.3Mb
Flavors: r-oldrel-macos-arm64, r-oldrel-macos-x86_64, r-oldrel-windows-x86_64